CRAN Package Check Results for Package modelr

Last updated on 2020-01-28 05:50:18 CET.

Flavor Version Tinstall Tcheck Ttotal Status Flags
r-devel-linux-x86_64-debian-clang 0.1.5 6.12 56.04 62.16 OK
r-devel-linux-x86_64-debian-gcc 0.1.5 4.43 42.88 47.31 OK
r-devel-linux-x86_64-fedora-clang 0.1.5 77.38 NOTE
r-devel-linux-x86_64-fedora-gcc 0.1.5 70.37 NOTE
r-devel-windows-ix86+x86_64 0.1.5 13.00 104.00 117.00 OK
r-devel-windows-ix86+x86_64-gcc8 0.1.5 19.00 82.00 101.00 OK
r-patched-linux-x86_64 0.1.5 OK
r-patched-solaris-x86 0.1.5 94.50 NOTE
r-release-linux-x86_64 0.1.5 4.40 50.51 54.91 OK
r-release-windows-ix86+x86_64 0.1.5 11.00 66.00 77.00 OK
r-release-osx-x86_64 0.1.5 OK
r-oldrel-windows-ix86+x86_64 0.1.5 8.00 86.00 94.00 OK
r-oldrel-osx-x86_64 0.1.5 OK

Check Details

Version: 0.1.5
Check: Rd cross-references
Result: NOTE
    Package unavailable to check Rd xrefs: ‘rstanarm’
Flavors: r-devel-linux-x86_64-fedora-clang, r-devel-linux-x86_64-fedora-gcc, r-patched-solaris-x86