Last updated on 2023-02-01 05:50:51 CET.
Flavor | Version | Tinstall | Tcheck | Ttotal | Status | Flags |
---|---|---|---|---|---|---|
r-devel-linux-x86_64-debian-clang | 0.1.10 | 6.38 | 56.91 | 63.29 | OK | |
r-devel-linux-x86_64-debian-gcc | 0.1.10 | 4.85 | 42.49 | 47.34 | OK | |
r-devel-linux-x86_64-fedora-clang | 0.1.10 | 84.39 | NOTE | |||
r-devel-linux-x86_64-fedora-gcc | 0.1.10 | 79.47 | OK | |||
r-devel-windows-x86_64 | 0.1.10 | 29.00 | 94.00 | 123.00 | OK | |
r-patched-linux-x86_64 | 0.1.10 | 5.32 | 59.59 | 64.91 | OK | |
r-release-linux-x86_64 | 0.1.10 | 4.67 | 59.37 | 64.04 | OK | |
r-release-macos-arm64 | 0.1.10 | 34.00 | OK | |||
r-release-macos-x86_64 | 0.1.10 | 36.00 | OK | |||
r-release-windows-x86_64 | 0.1.10 | 33.00 | 99.00 | 132.00 | OK | |
r-oldrel-macos-arm64 | 0.1.10 | 39.00 | OK | |||
r-oldrel-macos-x86_64 | 0.1.10 | 39.00 | OK | |||
r-oldrel-windows-ix86+x86_64 | 0.1.10 | 13.00 | 145.00 | 158.00 | OK |
Version: 0.1.10
Check: Rd cross-references
Result: NOTE
Undeclared packages ‘lme4’, ‘rstanarm’, ‘dplyr’ in Rd xrefs
Flavor: r-devel-linux-x86_64-fedora-clang