Last updated on 2023-02-05 05:52:07 CET.
Flavor | Version | Tinstall | Tcheck | Ttotal | Status | Flags |
---|---|---|---|---|---|---|
r-devel-linux-x86_64-debian-clang | 2.0.3 | 40.49 | 162.43 | 202.92 | NOTE | |
r-devel-linux-x86_64-debian-gcc | 2.0.3 | 35.68 | 117.09 | 152.77 | NOTE | |
r-devel-linux-x86_64-fedora-clang | 2.0.3 | 251.77 | NOTE | |||
r-devel-linux-x86_64-fedora-gcc | 2.0.3 | 261.21 | NOTE | |||
r-devel-windows-x86_64 | 2.0.3 | 60.00 | 250.00 | 310.00 | NOTE | |
r-patched-linux-x86_64 | 2.0.3 | 32.53 | 150.86 | 183.39 | OK | |
r-release-linux-x86_64 | 2.0.3 | 29.67 | 151.71 | 181.38 | OK | |
r-release-macos-arm64 | 2.0.3 | 77.00 | NOTE | |||
r-release-macos-x86_64 | 2.0.3 | 125.00 | NOTE | |||
r-release-windows-x86_64 | 2.0.3 | 49.00 | 258.00 | 307.00 | OK | |
r-oldrel-macos-arm64 | 2.0.3 | 102.00 | NOTE | |||
r-oldrel-macos-x86_64 | 2.0.3 | 86.00 | NOTE | |||
r-oldrel-windows-ix86+x86_64 | 2.0.3 | 100.00 | 254.00 | 354.00 | NOTE |
Version: 2.0.3
Check: C++ specification
Result: NOTE
Specified C++11: please update to current default of C++17
Flavors: r-devel-linux-x86_64-debian-clang, r-devel-linux-x86_64-debian-gcc, r-devel-linux-x86_64-fedora-clang, r-devel-linux-x86_64-fedora-gcc, r-devel-windows-x86_64
Version: 2.0.3
Check: installed package size
Result: NOTE
installed size is 5.5Mb
sub-directories of 1Mb or more:
extdata 1.6Mb
libs 2.7Mb
Flavors: r-release-macos-arm64, r-release-macos-x86_64, r-oldrel-macos-arm64, r-oldrel-macos-x86_64, r-oldrel-windows-ix86+x86_64