CRAN Package Check Results for Package mombf

Last updated on 2019-10-15 05:47:51 CEST.

Flavor Version Tinstall Tcheck Ttotal Status Flags
r-devel-linux-x86_64-debian-clang 2.2.4 127.45 196.83 324.28 OK
r-devel-linux-x86_64-debian-gcc 2.2.4 92.92 140.55 233.47 OK
r-devel-linux-x86_64-fedora-clang 2.2.4 409.36 OK
r-devel-linux-x86_64-fedora-gcc 2.2.4 393.74 OK
r-devel-windows-ix86+x86_64 2.2.4 216.00 322.00 538.00 OK
r-patched-linux-x86_64 2.2.4 100.55 189.62 290.17 OK
r-patched-solaris-x86 2.2.4 448.00 OK
r-release-linux-x86_64 2.2.4 100.14 186.35 286.49 OK
r-release-windows-ix86+x86_64 2.2.4 291.00 238.00 529.00 OK
r-release-osx-x86_64 2.2.4 NOTE
r-oldrel-windows-ix86+x86_64 2.2.4 204.00 220.00 424.00 OK
r-oldrel-osx-x86_64 2.2.4 OK

Check Details

Version: 2.2.4
Check: installed package size
Result: NOTE
     installed size is 5.2Mb
     sub-directories of 1Mb or more:
     libs 4.0Mb
Flavor: r-release-osx-x86_64