CRAN Package Check Results for Package mombf

Last updated on 2019-07-16 05:48:22 CEST.

Flavor Version Tinstall Tcheck Ttotal Status Flags
r-devel-linux-x86_64-debian-clang 2.2.4 109.19 200.07 309.26 OK
r-devel-linux-x86_64-debian-gcc 2.2.4 89.09 147.81 236.90 OK
r-devel-linux-x86_64-fedora-clang 2.2.4 394.81 OK
r-devel-linux-x86_64-fedora-gcc 2.2.4 384.84 OK
r-devel-windows-ix86+x86_64 2.2.4 322.00 238.00 560.00 OK
r-patched-linux-x86_64 2.2.4 107.59 196.51 304.10 OK
r-patched-solaris-x86 2.2.4 454.90 OK
r-release-linux-x86_64 2.2.4 99.40 189.41 288.81 OK
r-release-windows-ix86+x86_64 2.2.4 215.00 245.00 460.00 OK
r-release-osx-x86_64 2.2.4 NOTE
r-oldrel-windows-ix86+x86_64 2.2.4 293.00 230.00 523.00 OK
r-oldrel-osx-x86_64 2.2.4 OK

Check Details

Version: 2.2.4
Check: installed package size
Result: NOTE
     installed size is 5.2Mb
     sub-directories of 1Mb or more:
     libs 4.0Mb
Flavor: r-release-osx-x86_64