CRAN Package Check Results for Package mongopipe

Last updated on 2021-09-27 05:51:29 CEST.

Flavor Version Tinstall Tcheck Ttotal Status Flags
r-devel-linux-x86_64-debian-clang 0.1.1 1.86 26.62 28.48 NOTE
r-devel-linux-x86_64-debian-gcc 0.1.1 1.76 20.99 22.75 NOTE
r-devel-linux-x86_64-fedora-clang 0.1.1 43.65 NOTE
r-devel-linux-x86_64-fedora-gcc 0.1.1 33.23 NOTE
r-devel-windows-x86_64 0.1.1 4.00 33.00 37.00 NOTE
r-devel-windows-x86_64-gcc10-UCRT 0.1.1 NOTE
r-patched-linux-x86_64 0.1.1 2.02 25.79 27.81 NOTE
r-patched-solaris-x86 0.1.1 54.70 NOTE
r-release-linux-x86_64 0.1.1 1.80 25.73 27.53 NOTE
r-release-macos-arm64 0.1.1 NOTE
r-release-macos-x86_64 0.1.1 NOTE
r-release-windows-ix86+x86_64 0.1.1 6.00 33.00 39.00 NOTE
r-oldrel-macos-x86_64 0.1.1 OK
r-oldrel-windows-ix86+x86_64 0.1.1 24.00 35.00 59.00 OK

Check Details

Version: 0.1.1
Check: LazyData
Result: NOTE
     'LazyData' is specified without a 'data' directory
Flavors: r-devel-linux-x86_64-debian-clang, r-devel-linux-x86_64-debian-gcc, r-devel-linux-x86_64-fedora-clang, r-devel-linux-x86_64-fedora-gcc, r-devel-windows-x86_64, r-devel-windows-x86_64-gcc10-UCRT, r-patched-linux-x86_64, r-patched-solaris-x86, r-release-linux-x86_64, r-release-macos-arm64, r-release-macos-x86_64, r-release-windows-ix86+x86_64