CRAN Package Check Results for Package mopac

Last updated on 2024-06-20 06:57:17 CEST.

Flavor Version Tinstall Tcheck Ttotal Status Flags
r-devel-linux-x86_64-debian-clang 0.1.0 2.28 19.75 22.03 OK
r-devel-linux-x86_64-debian-gcc 0.1.0 1.82 15.75 17.57 OK
r-devel-linux-x86_64-fedora-clang 0.1.0 28.42 NOTE
r-devel-linux-x86_64-fedora-gcc 0.1.0 26.62 NOTE
r-devel-windows-x86_64 0.1.0 3.00 39.00 42.00 OK
r-patched-linux-x86_64 0.1.0 2.34 19.76 22.10 OK
r-release-linux-x86_64 0.1.0 2.46 19.40 21.86 OK
r-release-macos-arm64 0.1.0 14.00 OK
r-release-macos-x86_64 0.1.0 19.00 OK
r-release-windows-x86_64 0.1.0 4.00 40.00 44.00 OK
r-oldrel-macos-arm64 0.1.0 15.00 OK
r-oldrel-macos-x86_64 0.1.0 18.00 OK
r-oldrel-windows-x86_64 0.1.0 5.00 43.00 48.00 OK

Check Details

Version: 0.1.0
Check: data for non-ASCII characters
Result: NOTE Note: found 13 marked UTF-8 strings Flavors: r-devel-linux-x86_64-fedora-clang, r-devel-linux-x86_64-fedora-gcc