CRAN Package Check Results for Package morphemepiece

Last updated on 2024-06-15 06:49:51 CEST.

Flavor Version Tinstall Tcheck Ttotal Status Flags
r-devel-linux-x86_64-debian-clang 1.2.3 3.91 41.89 45.80 NOTE
r-devel-linux-x86_64-debian-gcc 1.2.3 2.74 32.42 35.16 NOTE
r-devel-linux-x86_64-fedora-clang 1.2.3 58.61 NOTE
r-devel-linux-x86_64-fedora-gcc 1.2.3 67.07 NOTE
r-devel-windows-x86_64 1.2.3 4.00 56.00 60.00 NOTE
r-patched-linux-x86_64 1.2.3 3.58 41.22 44.80 NOTE
r-release-linux-x86_64 1.2.3 2.17 40.15 42.32 NOTE
r-release-macos-arm64 1.2.3 40.00 NOTE
r-release-macos-x86_64 1.2.3 43.00 NOTE
r-release-windows-x86_64 1.2.3 6.00 55.00 61.00 NOTE
r-oldrel-macos-arm64 1.2.3 31.00 OK
r-oldrel-macos-x86_64 1.2.3 39.00 OK
r-oldrel-windows-x86_64 1.2.3 5.00 62.00 67.00 OK

Check Details

Version: 1.2.3
Check: Rd files
Result: NOTE checkRd: (-1) morphemepiece_cache_dir.Rd:17-19: Lost braces in \itemize; meant \describe ? checkRd: (-1) morphemepiece_cache_dir.Rd:20-21: Lost braces in \itemize; meant \describe ? checkRd: (-1) morphemepiece_cache_dir.Rd:22-24: Lost braces in \itemize; meant \describe ? Flavors: r-devel-linux-x86_64-debian-clang, r-devel-linux-x86_64-debian-gcc, r-devel-linux-x86_64-fedora-clang, r-devel-linux-x86_64-fedora-gcc, r-devel-windows-x86_64, r-patched-linux-x86_64, r-release-linux-x86_64, r-release-macos-arm64, r-release-macos-x86_64, r-release-windows-x86_64