CRAN Package Check Results for Package mosaicCore

Last updated on 2022-01-17 05:51:14 CET.

Flavor Version Tinstall Tcheck Ttotal Status Flags
r-devel-linux-x86_64-debian-clang 0.9.0 5.70 76.24 81.94 NOTE
r-devel-linux-x86_64-debian-gcc 0.9.0 4.77 57.18 61.95 NOTE
r-devel-linux-x86_64-fedora-clang 0.9.0 100.44 NOTE
r-devel-linux-x86_64-fedora-gcc 0.9.0 86.51 NOTE
r-devel-windows-x86_64-new-UL 0.9.0 112.00 101.00 213.00 NOTE
r-devel-windows-x86_64-new-TK 0.9.0 NOTE
r-patched-linux-x86_64 0.9.0 9.53 71.54 81.07 NOTE
r-release-linux-x86_64 0.9.0 NOTE
r-release-macos-arm64 0.9.0 NOTE
r-release-macos-x86_64 0.9.0 NOTE
r-release-windows-ix86+x86_64 0.9.0 14.00 90.00 104.00 NOTE
r-oldrel-macos-x86_64 0.9.0 OK
r-oldrel-windows-ix86+x86_64 0.9.0 15.00 92.00 107.00 OK

Check Details

Version: 0.9.0
Check: LazyData
Result: NOTE
     'LazyData' is specified without a 'data' directory
Flavors: r-devel-linux-x86_64-debian-clang, r-devel-linux-x86_64-debian-gcc, r-devel-linux-x86_64-fedora-clang, r-devel-linux-x86_64-fedora-gcc, r-devel-windows-x86_64-new-UL, r-devel-windows-x86_64-new-TK, r-patched-linux-x86_64, r-release-linux-x86_64, r-release-macos-arm64, r-release-macos-x86_64, r-release-windows-ix86+x86_64