CRAN Package Check Results for Package mosaicData

Last updated on 2019-12-07 05:47:39 CET.

Flavor Version Tinstall Tcheck Ttotal Status Flags
r-devel-linux-x86_64-debian-clang 0.17.0 4.10 35.38 39.48 OK
r-devel-linux-x86_64-debian-gcc 0.17.0 2.70 28.17 30.87 OK
r-devel-linux-x86_64-fedora-clang 0.17.0 46.83 NOTE
r-devel-linux-x86_64-fedora-gcc 0.17.0 44.75 NOTE
r-devel-windows-ix86+x86_64 0.17.0 8.00 71.00 79.00 OK
r-devel-windows-ix86+x86_64-gcc8 0.17.0 8.00 73.00 81.00 OK
r-patched-linux-x86_64 0.17.0 3.28 33.71 36.99 OK
r-patched-solaris-x86 0.17.0 67.80 NOTE
r-release-linux-x86_64 0.17.0 3.61 33.05 36.66 OK
r-release-windows-ix86+x86_64 0.17.0 11.00 49.00 60.00 OK
r-release-osx-x86_64 0.17.0 NOTE
r-oldrel-windows-ix86+x86_64 0.17.0 5.00 43.00 48.00 OK
r-oldrel-osx-x86_64 0.17.0 NOTE

Check Details

Version: 0.17.0
Check: data for non-ASCII characters
Result: NOTE
     Note: found 7 marked UTF-8 strings
Flavors: r-devel-linux-x86_64-fedora-clang, r-devel-linux-x86_64-fedora-gcc, r-patched-solaris-x86, r-release-osx-x86_64, r-oldrel-osx-x86_64