CRAN Package Check Results for Package motif

Last updated on 2024-02-25 06:08:34 CET.

Flavor Version Tinstall Tcheck Ttotal Status Flags
r-devel-linux-x86_64-debian-clang 0.6.4 114.58 130.56 245.14 OK
r-devel-linux-x86_64-debian-gcc 0.6.4 86.05 93.92 179.97 OK
r-devel-linux-x86_64-fedora-clang 0.6.4 332.04 OK
r-devel-linux-x86_64-fedora-gcc 0.6.4 343.97 OK
r-devel-windows-x86_64 0.6.4 86.00 141.00 227.00 OK
r-patched-linux-x86_64 0.6.4 111.59 125.72 237.31 OK
r-release-linux-x86_64 0.6.4 108.08 123.91 231.99 OK
r-release-macos-arm64 0.6.4 70.00 NOTE
r-release-macos-x86_64 0.6.4 134.00 NOTE
r-release-windows-x86_64 0.6.4 108.00 160.00 268.00 OK
r-oldrel-macos-arm64 0.6.4 72.00 NOTE
r-oldrel-windows-x86_64 0.6.4 104.00 169.00 273.00 OK

Check Details

Version: 0.6.4
Check: installed package size
Result: NOTE installed size is 6.2Mb sub-directories of 1Mb or more: libs 3.0Mb raster 2.2Mb Flavors: r-release-macos-arm64, r-release-macos-x86_64, r-oldrel-macos-arm64