CRAN Package Check Results for Package motif

Last updated on 2023-01-31 06:01:10 CET.

Flavor Version Tinstall Tcheck Ttotal Status Flags
r-devel-linux-x86_64-debian-clang 0.5.2 105.92 123.66 229.58 OK
r-devel-linux-x86_64-debian-gcc 0.5.2 80.42 89.40 169.82 OK
r-devel-linux-x86_64-fedora-clang 0.5.2 312.37 OK
r-devel-linux-x86_64-fedora-gcc 0.5.2 295.46 OK
r-devel-windows-x86_64 0.5.2 102.00 191.00 293.00 OK
r-patched-linux-x86_64 0.5.2 84.78 114.26 199.04 OK
r-release-linux-x86_64 0.5.2 86.57 119.23 205.80 OK
r-release-macos-arm64 0.5.2 87.00 NOTE
r-release-macos-x86_64 0.5.2 115.00 NOTE
r-release-windows-x86_64 0.5.2 95.00 198.00 293.00 OK
r-oldrel-macos-arm64 0.5.2 91.00 NOTE
r-oldrel-macos-x86_64 0.5.2 114.00 NOTE
r-oldrel-windows-ix86+x86_64 0.5.2 254.00 260.00 514.00 NOTE

Check Details

Version: 0.5.2
Check: installed package size
Result: NOTE
     installed size is 6.4Mb
     sub-directories of 1Mb or more:
     libs 3.2Mb
     raster 2.2Mb
Flavors: r-release-macos-arm64, r-release-macos-x86_64, r-oldrel-macos-arm64, r-oldrel-macos-x86_64, r-oldrel-windows-ix86+x86_64