CRAN Package Check Results for Package mousetrap

Last updated on 2021-12-07 05:55:11 CET.

Flavor Version Tinstall Tcheck Ttotal Status Flags
r-devel-linux-x86_64-debian-clang 3.2.0 106.35 111.70 218.05 OK
r-devel-linux-x86_64-debian-gcc 3.2.0 82.20 81.19 163.39 OK
r-devel-linux-x86_64-fedora-clang 3.2.0 328.94 NOTE
r-devel-linux-x86_64-fedora-gcc 3.2.0 269.38 OK
r-devel-windows-x86_64-new-UL 3.2.0 149.00 180.00 329.00 OK
r-devel-windows-x86_64-new-TK 3.2.0 OK
r-devel-windows-x86_64-old 3.2.0 143.00 115.00 258.00 OK
r-patched-linux-x86_64 3.2.0 97.42 103.62 201.04 OK
r-release-linux-x86_64 3.2.0 92.72 102.97 195.69 OK
r-release-macos-arm64 3.2.0 NOTE
r-release-macos-x86_64 3.2.0 NOTE
r-release-windows-ix86+x86_64 3.2.0 203.00 207.00 410.00 NOTE
r-oldrel-macos-x86_64 3.2.0 NOTE
r-oldrel-windows-ix86+x86_64 3.2.0 261.00 203.00 464.00 NOTE

Check Details

Version: 3.2.0
Check: installed package size
Result: NOTE
     installed size is 5.5Mb
     sub-directories of 1Mb or more:
     data 2.0Mb
     libs 2.9Mb
Flavors: r-devel-linux-x86_64-fedora-clang, r-release-macos-arm64, r-release-macos-x86_64, r-release-windows-ix86+x86_64, r-oldrel-macos-x86_64, r-oldrel-windows-ix86+x86_64