CRAN Package Check Results for Package mousetrap

Last updated on 2019-12-14 05:47:35 CET.

Flavor Version Tinstall Tcheck Ttotal Status Flags
r-devel-linux-x86_64-debian-clang 3.1.4 111.16 92.60 203.76 OK
r-devel-linux-x86_64-debian-gcc 3.1.4 69.83 71.65 141.48 OK
r-devel-linux-x86_64-fedora-clang 3.1.4 272.04 NOTE
r-devel-linux-x86_64-fedora-gcc 3.1.4 251.36 OK
r-devel-windows-ix86+x86_64 3.1.4 278.00 169.00 447.00 OK
r-devel-windows-ix86+x86_64-gcc8 3.1.4 212.00 172.00 384.00 NOTE
r-patched-linux-x86_64 3.1.4 88.53 83.98 172.51 OK
r-patched-solaris-x86 3.1.4 286.50 OK
r-release-linux-x86_64 3.1.4 82.52 82.85 165.37 OK
r-release-windows-ix86+x86_64 3.1.4 160.00 147.00 307.00 OK
r-release-osx-x86_64 3.1.4 OK
r-oldrel-windows-ix86+x86_64 3.1.4 156.00 144.00 300.00 OK
r-oldrel-osx-x86_64 3.1.4 OK

Check Details

Version: 3.1.4
Check: installed package size
Result: NOTE
     installed size is 5.7Mb
     sub-directories of 1Mb or more:
     data 2.0Mb
     libs 3.1Mb
Flavors: r-devel-linux-x86_64-fedora-clang, r-devel-windows-ix86+x86_64-gcc8