CRAN Package Check Results for Package mousetrap

Last updated on 2019-08-22 05:47:05 CEST.

Flavor Version Tinstall Tcheck Ttotal Status Flags
r-devel-linux-x86_64-debian-clang 3.1.2 92.51 87.69 180.20 OK
r-devel-linux-x86_64-debian-gcc 3.1.2 68.47 67.12 135.59 OK
r-devel-linux-x86_64-fedora-clang 3.1.2 274.29 NOTE
r-devel-linux-x86_64-fedora-gcc 3.1.2 248.25 OK
r-devel-windows-ix86+x86_64 3.1.2 229.00 196.00 425.00 OK
r-patched-linux-x86_64 3.1.2 81.57 84.84 166.41 OK
r-patched-solaris-x86 3.1.2 283.10 OK
r-release-linux-x86_64 3.1.2 80.61 86.58 167.19 OK
r-release-windows-ix86+x86_64 3.1.2 243.00 204.00 447.00 OK
r-release-osx-x86_64 3.1.2 OK
r-oldrel-windows-ix86+x86_64 3.1.2 217.00 201.00 418.00 OK
r-oldrel-osx-x86_64 3.1.2 OK

Check Details

Version: 3.1.2
Check: installed package size
Result: NOTE
     installed size is 5.7Mb
     sub-directories of 1Mb or more:
     data 2.0Mb
     libs 3.1Mb
Flavor: r-devel-linux-x86_64-fedora-clang