Last updated on 2021-01-15 05:48:57 CET.
Flavor | Version | Tinstall | Tcheck | Ttotal | Status | Flags |
---|---|---|---|---|---|---|
r-devel-linux-x86_64-debian-clang | 0.4.1 | 66.20 | 28.06 | 94.26 | OK | |
r-devel-linux-x86_64-debian-gcc | 0.4.1 | 40.54 | 21.64 | 62.18 | OK | |
r-devel-linux-x86_64-fedora-clang | 0.4.1 | 136.71 | NOTE | |||
r-devel-linux-x86_64-fedora-gcc | 0.4.1 | 113.33 | NOTE | |||
r-devel-windows-ix86+x86_64 | 0.4.1 | 121.00 | 74.00 | 195.00 | OK | |
r-patched-linux-x86_64 | 0.4.1 | 53.82 | 27.58 | 81.40 | OK | |
r-patched-solaris-x86 | 0.4.1 | 110.00 | OK | |||
r-release-linux-x86_64 | 0.4.1 | 49.60 | 27.10 | 76.70 | OK | |
r-release-macos-x86_64 | 0.4.1 | OK | ||||
r-release-windows-ix86+x86_64 | 0.4.1 | 146.00 | 60.00 | 206.00 | OK | |
r-oldrel-macos-x86_64 | 0.4.1 | OK | ||||
r-oldrel-windows-ix86+x86_64 | 0.4.1 | 101.00 | 50.00 | 151.00 | OK |
Version: 0.4.1
Check: Rd cross-references
Result: NOTE
Undeclared package ‘proxy’ in Rd xrefs
Flavor: r-devel-linux-x86_64-fedora-clang
Version: 0.4.1
Check: compiled code
Result: NOTE
File ‘mp/libs/mp.so’:
Found no calls to: ‘R_registerRoutines’, ‘R_useDynamicSymbols’
It is good practice to register native routines and to disable symbol
search.
See ‘Writing portable packages’ in the ‘Writing R Extensions’ manual.
Flavors: r-devel-linux-x86_64-fedora-clang, r-devel-linux-x86_64-fedora-gcc