CRAN Package Check Results for Package msde

Last updated on 2025-06-14 06:50:01 CEST.

Flavor Version Tinstall Tcheck Ttotal Status Flags
r-devel-linux-x86_64-debian-clang 1.0.5 30.32 131.73 162.05 OK
r-devel-linux-x86_64-debian-gcc 1.0.5 23.99 98.34 122.33 OK
r-devel-linux-x86_64-fedora-clang 1.0.5 249.48 OK
r-devel-linux-x86_64-fedora-gcc 1.0.5 308.10 OK
r-devel-windows-x86_64 1.0.5 32.00 170.00 202.00 OK
r-patched-linux-x86_64 1.0.5 33.51 137.11 170.62 OK
r-release-linux-x86_64 1.0.5 34.86 135.59 170.45 OK
r-release-macos-arm64 1.0.5 84.00 OK
r-release-macos-x86_64 1.0.5 215.00 OK
r-release-windows-x86_64 1.0.5 32.00 172.00 204.00 OK
r-oldrel-macos-arm64 1.0.5 71.00 NOTE
r-oldrel-macos-x86_64 1.0.5 162.00 NOTE
r-oldrel-windows-x86_64 1.0.5 32.00 212.00 244.00 OK

Check Details

Version: 1.0.5
Check: installed package size
Result: NOTE installed size is 6.5Mb sub-directories of 1Mb or more: libs 5.9Mb Flavors: r-oldrel-macos-arm64, r-oldrel-macos-x86_64