Last updated on 2021-01-16 05:47:12 CET.
Flavor | Version | Tinstall | Tcheck | Ttotal | Status | Flags |
---|---|---|---|---|---|---|
r-devel-linux-x86_64-debian-clang | 2.3.9 | 43.85 | 97.37 | 141.22 | OK | |
r-devel-linux-x86_64-debian-gcc | 2.3.9 | 28.15 | 75.67 | 103.82 | OK | |
r-devel-linux-x86_64-fedora-clang | 2.3.9 | 192.18 | OK | |||
r-devel-linux-x86_64-fedora-gcc | 2.3.9 | 172.73 | OK | |||
r-devel-windows-ix86+x86_64 | 2.3.9 | 67.00 | 185.00 | 252.00 | OK | |
r-patched-linux-x86_64 | 2.3.9 | 30.83 | 93.30 | 124.13 | OK | |
r-patched-solaris-x86 | 2.3.9 | 293.40 | OK | |||
r-release-linux-x86_64 | 2.3.9 | 31.86 | 93.11 | 124.97 | OK | |
r-release-macos-x86_64 | 2.3.9 | NOTE | ||||
r-release-windows-ix86+x86_64 | 2.3.9 | 70.00 | 183.00 | 253.00 | OK | |
r-oldrel-macos-x86_64 | 2.3.9 | NOTE | ||||
r-oldrel-windows-ix86+x86_64 | 2.3.9 | 79.00 | 228.00 | 307.00 | OK |
Version: 2.3.9
Check: installed package size
Result: NOTE
installed size is 5.2Mb
sub-directories of 1Mb or more:
libs 4.2Mb
Flavors: r-release-macos-x86_64, r-oldrel-macos-x86_64