CRAN Package Check Results for Package mssm

Last updated on 2021-01-18 05:47:32 CET.

Flavor Version Tinstall Tcheck Ttotal Status Flags
r-devel-linux-x86_64-debian-clang 0.1.4 404.78 59.02 463.80 OK
r-devel-linux-x86_64-debian-gcc 0.1.4 251.42 44.62 296.04 OK
r-devel-linux-x86_64-fedora-clang 0.1.4 633.49 NOTE
r-devel-linux-x86_64-fedora-gcc 0.1.4 604.60 OK
r-devel-windows-ix86+x86_64 0.1.4 675.00 176.00 851.00 NOTE
r-patched-linux-x86_64 0.1.4 314.85 56.63 371.48 OK
r-patched-solaris-x86 0.1.4 483.40 OK
r-release-linux-x86_64 0.1.4 332.45 56.80 389.25 OK
r-release-macos-x86_64 0.1.4 NOTE
r-release-windows-ix86+x86_64 0.1.4 756.00 177.00 933.00 NOTE
r-oldrel-macos-x86_64 0.1.4 NOTE
r-oldrel-windows-ix86+x86_64 0.1.4 842.00 152.00 994.00 NOTE

Check Details

Version: 0.1.4
Check: installed package size
Result: NOTE
     installed size is 19.2Mb
     sub-directories of 1Mb or more:
     help 1.0Mb
     libs 18.1Mb
Flavors: r-devel-linux-x86_64-fedora-clang, r-devel-windows-ix86+x86_64, r-release-macos-x86_64, r-release-windows-ix86+x86_64, r-oldrel-macos-x86_64, r-oldrel-windows-ix86+x86_64