CRAN Package Check Results for Package mstrio

Last updated on 2022-01-25 05:54:49 CET.

Flavor Version Tinstall Tcheck Ttotal Status Flags
r-devel-linux-x86_64-debian-clang 11.3.0.1 13.08 57.94 71.02 NOTE
r-devel-linux-x86_64-debian-gcc 11.3.0.1 11.32 45.57 56.89 NOTE
r-devel-linux-x86_64-fedora-clang 11.3.0.1 88.36 NOTE
r-devel-linux-x86_64-fedora-gcc 11.3.0.1 77.27 NOTE
r-devel-windows-x86_64-new-UL 11.3.0.1 73.00 104.00 177.00 NOTE
r-devel-windows-x86_64-new-TK 11.3.0.1 NOTE
r-patched-linux-x86_64 11.3.0.1 14.33 54.99 69.32 NOTE
r-release-linux-x86_64 11.3.0.1 13.79 54.72 68.51 NOTE
r-release-macos-arm64 11.3.0.1 NOTE
r-release-macos-x86_64 11.3.0.1 NOTE
r-release-windows-ix86+x86_64 11.3.0.1 24.00 70.00 94.00 NOTE
r-oldrel-macos-x86_64 11.3.0.1 NOTE
r-oldrel-windows-ix86+x86_64 11.3.0.1 23.00 71.00 94.00 OK

Check Details

Version: 11.3.0.1
Check: LazyData
Result: NOTE
     'LazyData' is specified without a 'data' directory
Flavors: r-devel-linux-x86_64-debian-clang, r-devel-linux-x86_64-debian-gcc, r-devel-linux-x86_64-fedora-clang, r-devel-linux-x86_64-fedora-gcc, r-devel-windows-x86_64-new-UL, r-devel-windows-x86_64-new-TK, r-patched-linux-x86_64, r-release-linux-x86_64, r-release-macos-arm64, r-release-macos-x86_64, r-release-windows-ix86+x86_64

Version: 11.3.0.1
Check: dependencies in R code
Result: NOTE
    Namespace in Imports field not imported from: ‘methods’
     All declared Imports should be used.
Flavors: r-devel-linux-x86_64-fedora-clang, r-devel-linux-x86_64-fedora-gcc, r-devel-windows-x86_64-new-TK, r-release-macos-arm64, r-release-macos-x86_64, r-oldrel-macos-x86_64