Last updated on 2022-05-21 05:52:31 CEST.
Flavor | Version | Tinstall | Tcheck | Ttotal | Status | Flags |
---|---|---|---|---|---|---|
r-devel-linux-x86_64-debian-clang | 2.0.0 | 10.01 | 115.25 | 125.26 | OK | |
r-devel-linux-x86_64-debian-gcc | 2.0.0 | 8.48 | 84.17 | 92.65 | OK | |
r-devel-linux-x86_64-fedora-clang | 2.0.0 | 150.72 | NOTE | |||
r-devel-linux-x86_64-fedora-gcc | 2.0.0 | 143.68 | NOTE | |||
r-devel-windows-x86_64 | 2.0.0 | 17.00 | 132.00 | 149.00 | OK | |
r-patched-linux-x86_64 | 2.0.0 | 6.42 | 107.82 | 114.24 | OK | |
r-release-linux-x86_64 | 2.0.0 | 6.47 | 108.01 | 114.48 | OK | |
r-release-macos-arm64 | 2.0.0 | 39.00 | NOTE | |||
r-release-macos-x86_64 | 2.0.0 | 61.00 | NOTE | |||
r-release-windows-x86_64 | 2.0.0 | 20.00 | 135.00 | 155.00 | OK | |
r-oldrel-macos-arm64 | 2.0.0 | 40.00 | NOTE | |||
r-oldrel-macos-x86_64 | 2.0.0 | 57.00 | NOTE | |||
r-oldrel-windows-ix86+x86_64 | 2.0.0 | 23.00 | 127.00 | 150.00 | OK |
Version: 2.0.0
Check: dependencies in R code
Result: NOTE
Namespaces in Imports field not imported from:
‘gtools’ ‘patchwork’ ‘plyr’ ‘tidyverse’
All declared Imports should be used.
Flavors: r-devel-linux-x86_64-fedora-clang, r-devel-linux-x86_64-fedora-gcc, r-release-macos-arm64, r-release-macos-x86_64, r-oldrel-macos-arm64, r-oldrel-macos-x86_64