CRAN Package Check Results for Package multiDimBio

Last updated on 2019-12-15 05:47:45 CET.

Flavor Version Tinstall Tcheck Ttotal Status Flags
r-devel-linux-x86_64-debian-clang 1.2.1 10.77 113.15 123.92 OK
r-devel-linux-x86_64-debian-gcc 1.2.1 10.20 87.40 97.60 OK
r-devel-linux-x86_64-fedora-clang 1.2.1 145.61 OK
r-devel-linux-x86_64-fedora-gcc 1.2.1 137.27 OK
r-devel-windows-ix86+x86_64 1.2.1 22.00 169.00 191.00 OK
r-devel-windows-ix86+x86_64-gcc8 1.2.1 29.00 167.00 196.00 OK
r-patched-linux-x86_64 1.2.1 11.59 98.01 109.60 OK
r-patched-solaris-x86 1.2.1 196.80 OK
r-release-linux-x86_64 1.2.1 10.95 98.09 109.04 OK
r-release-windows-ix86+x86_64 1.2.1 22.00 113.00 135.00 OK
r-release-osx-x86_64 1.2.1 OK
r-oldrel-windows-ix86+x86_64 1.2.1 4.00 5.00 9.00 ERROR
r-oldrel-osx-x86_64 1.2.1 ERROR

Check Details

Version: 1.2.1
Check: package dependencies
Result: ERROR
    Package required and available but unsuitable version: 'pcaMethods'
    
    See section 'The DESCRIPTION file' in the 'Writing R Extensions'
    manual.
Flavors: r-oldrel-windows-ix86+x86_64, r-oldrel-osx-x86_64