CRAN Package Check Results for Package multiDimBio

Last updated on 2019-08-19 05:46:28 CEST.

Flavor Version Tinstall Tcheck Ttotal Status Flags
r-devel-linux-x86_64-debian-clang 1.1.1 10.80 101.78 112.58 OK
r-devel-linux-x86_64-debian-gcc 1.1.1 10.05 78.20 88.25 OK
r-devel-linux-x86_64-fedora-clang 1.1.1 125.88 OK
r-devel-linux-x86_64-fedora-gcc 1.1.1 129.40 OK
r-devel-windows-ix86+x86_64 1.1.1 32.00 153.00 185.00 OK
r-patched-linux-x86_64 1.1.1 11.14 98.13 109.27 OK
r-patched-solaris-x86 1.1.1 203.00 OK
r-release-linux-x86_64 1.1.1 13.08 97.95 111.03 OK
r-release-windows-ix86+x86_64 1.1.1 22.00 102.00 124.00 OK
r-release-osx-x86_64 1.1.1 ERROR
r-oldrel-windows-ix86+x86_64 1.1.1 21.00 145.00 166.00 OK
r-oldrel-osx-x86_64 1.1.1 OK

Check Details

Version: 1.1.1
Check: package dependencies
Result: ERROR
    Package required but not available: ‘pcaMethods’
    
    See section ‘The DESCRIPTION file’ in the ‘Writing R Extensions’
    manual.
Flavor: r-release-osx-x86_64