CRAN Package Check Results for Package multichull

Last updated on 2020-07-15 05:48:12 CEST.

Flavor Version Tinstall Tcheck Ttotal Status Flags
r-devel-linux-x86_64-debian-clang 1.0.0 7.06 58.55 65.61 OK
r-devel-linux-x86_64-debian-gcc 1.0.0 6.35 44.75 51.10 OK
r-devel-linux-x86_64-fedora-clang 1.0.0 86.94 OK
r-devel-linux-x86_64-fedora-gcc 1.0.0 81.34 OK
r-devel-windows-ix86+x86_64 1.0.0 27.00 108.00 135.00 OK
r-patched-linux-x86_64 1.0.0 6.20 56.07 62.27 OK
r-patched-solaris-x86 1.0.0 121.00 OK
r-release-linux-x86_64 1.0.0 6.68 55.07 61.75 OK
r-release-macos-x86_64 1.0.0 ERROR
r-release-windows-ix86+x86_64 1.0.0 26.00 61.00 87.00 OK
r-oldrel-macos-x86_64 1.0.0 OK
r-oldrel-windows-ix86+x86_64 1.0.0 17.00 93.00 110.00 OK

Check Details

Version: 1.0.0
Check: whether package can be installed
Result: ERROR
    Installation failed.
Flavor: r-release-macos-x86_64