CRAN Package Check Results for Package multicolor

Last updated on 2020-02-17 05:48:00 CET.

Flavor Version Tinstall Tcheck Ttotal Status Flags
r-devel-linux-x86_64-debian-clang 0.1.4 2.61 60.91 63.52 OK
r-devel-linux-x86_64-debian-gcc 0.1.4 2.28 51.57 53.85 OK
r-devel-linux-x86_64-fedora-clang 0.1.4 80.99 NOTE
r-devel-linux-x86_64-fedora-gcc 0.1.4 80.17 NOTE
r-devel-windows-ix86+x86_64 0.1.4 7.00 89.00 96.00 OK
r-devel-windows-ix86+x86_64-gcc8 0.1.3 11.00 104.00 115.00 OK
r-patched-linux-x86_64 0.1.4 2.17 59.50 61.67 OK
r-patched-solaris-x86 0.1.4 89.00 NOTE
r-release-linux-x86_64 0.1.4 1.90 59.51 61.41 OK
r-release-windows-ix86+x86_64 0.1.4 6.00 71.00 77.00 OK
r-release-osx-x86_64 0.1.4 NOTE
r-oldrel-windows-ix86+x86_64 0.1.4 5.00 81.00 86.00 OK
r-oldrel-osx-x86_64 0.1.4 NOTE

Check Details

Version: 0.1.4
Check: dependencies in R code
Result: NOTE
    Namespace in Imports field not imported from: ‘cowsay’
     All declared Imports should be used.
Flavors: r-devel-linux-x86_64-fedora-clang, r-devel-linux-x86_64-fedora-gcc, r-patched-solaris-x86, r-release-osx-x86_64, r-oldrel-osx-x86_64