CRAN Package Check Results for Package multicool

Last updated on 2019-09-17 05:47:13 CEST.

Flavor Version Tinstall Tcheck Ttotal Status Flags
r-devel-linux-x86_64-debian-clang 0.1-10 25.30 26.96 52.26 OK
r-devel-linux-x86_64-debian-gcc 0.1-10 OK
r-devel-linux-x86_64-fedora-clang 0.1-10 74.52 NOTE
r-devel-linux-x86_64-fedora-gcc 0.1-10 74.63 NOTE
r-devel-windows-ix86+x86_64 0.1-10 66.00 60.00 126.00 OK
r-patched-linux-x86_64 0.1-10 20.88 27.18 48.06 OK
r-patched-solaris-x86 0.1-10 80.90 OK
r-release-linux-x86_64 0.1-10 23.61 27.65 51.26 OK
r-release-windows-ix86+x86_64 0.1-10 49.00 59.00 108.00 OK
r-release-osx-x86_64 0.1-10 OK
r-oldrel-windows-ix86+x86_64 0.1-10 67.00 55.00 122.00 OK
r-oldrel-osx-x86_64 0.1-10 OK

Check Details

Version: 0.1-10
Check: compiled code
Result: NOTE
    File ‘multicool/libs/multicool.so’:
     Found no calls to: ‘R_registerRoutines’, ‘R_useDynamicSymbols’
    
    It is good practice to register native routines and to disable symbol
    search.
    
    See ‘Writing portable packages’ in the ‘Writing R Extensions’ manual.
Flavors: r-devel-linux-x86_64-fedora-clang, r-devel-linux-x86_64-fedora-gcc