CRAN Package Check Results for Package multicool

Last updated on 2019-11-17 05:47:16 CET.

Flavor Version Tinstall Tcheck Ttotal Status Flags
r-devel-linux-x86_64-debian-clang 0.1-10 27.65 28.43 56.08 OK
r-devel-linux-x86_64-debian-gcc 0.1-10 19.54 22.38 41.92 OK
r-devel-linux-x86_64-fedora-clang 0.1-10 76.26 NOTE
r-devel-linux-x86_64-fedora-gcc 0.1-10 71.01 NOTE
r-devel-windows-ix86+x86_64 0.1-10 75.00 79.00 154.00 OK
r-patched-linux-x86_64 0.1-10 20.58 27.35 47.93 OK
r-patched-solaris-x86 0.1-10 81.80 OK
r-release-linux-x86_64 0.1-10 21.96 27.27 49.23 OK
r-release-windows-ix86+x86_64 0.1-10 54.00 74.00 128.00 OK
r-release-osx-x86_64 0.1-10 OK
r-oldrel-windows-ix86+x86_64 0.1-10 68.00 88.00 156.00 OK
r-oldrel-osx-x86_64 0.1-10 OK

Check Details

Version: 0.1-10
Check: compiled code
Result: NOTE
    File ‘multicool/libs/multicool.so’:
     Found no calls to: ‘R_registerRoutines’, ‘R_useDynamicSymbols’
    
    It is good practice to register native routines and to disable symbol
    search.
    
    See ‘Writing portable packages’ in the ‘Writing R Extensions’ manual.
Flavors: r-devel-linux-x86_64-fedora-clang, r-devel-linux-x86_64-fedora-gcc