CRAN Package Check Results for Package multicross

Last updated on 2022-05-20 05:54:33 CEST.

Flavor Version Tinstall Tcheck Ttotal Status Flags
r-devel-linux-x86_64-debian-clang 2.1.0 14.76 126.01 140.77 NOTE
r-devel-linux-x86_64-debian-gcc 2.1.0 11.25 93.30 104.55 NOTE
r-devel-linux-x86_64-fedora-clang 2.1.0 171.08 NOTE
r-devel-linux-x86_64-fedora-gcc 2.1.0 162.46 NOTE
r-devel-windows-x86_64 2.1.0 23.00 133.00 156.00 NOTE
r-patched-linux-x86_64 2.1.0 9.68 118.63 128.31 NOTE
r-release-linux-x86_64 2.1.0 11.53 116.60 128.13 NOTE
r-release-macos-arm64 2.1.0 44.00 NOTE
r-release-macos-x86_64 2.1.0 75.00 NOTE
r-release-windows-x86_64 2.1.0 17.00 141.00 158.00 NOTE
r-oldrel-macos-arm64 2.1.0 51.00 NOTE
r-oldrel-macos-x86_64 2.1.0 78.00 NOTE
r-oldrel-windows-ix86+x86_64 2.1.0 33.00 127.00 160.00 NOTE

Check Details

Version: 2.1.0
Check: LazyData
Result: NOTE
     'LazyData' is specified without a 'data' directory
Flavors: r-devel-linux-x86_64-debian-clang, r-devel-linux-x86_64-debian-gcc, r-devel-linux-x86_64-fedora-clang, r-devel-linux-x86_64-fedora-gcc, r-devel-windows-x86_64, r-patched-linux-x86_64, r-release-linux-x86_64, r-release-macos-arm64, r-release-macos-x86_64, r-release-windows-x86_64, r-oldrel-macos-arm64, r-oldrel-macos-x86_64, r-oldrel-windows-ix86+x86_64

Version: 2.1.0
Check: dependencies in R code
Result: NOTE
    Namespace in Imports field not imported from: ‘Matrix’
     All declared Imports should be used.
Flavors: r-devel-linux-x86_64-fedora-clang, r-devel-linux-x86_64-fedora-gcc, r-release-macos-arm64, r-release-macos-x86_64, r-oldrel-macos-arm64, r-oldrel-macos-x86_64