CRAN Package Check Results for Package multifear

Last updated on 2021-12-03 05:52:05 CET.

Flavor Version Tinstall Tcheck Ttotal Status Flags
r-devel-linux-x86_64-debian-clang 0.1.2 7.28 162.25 169.53 OK
r-devel-linux-x86_64-debian-gcc 0.1.2 5.34 115.21 120.55 ERROR
r-devel-linux-x86_64-fedora-clang 0.1.2 192.51 ERROR
r-devel-linux-x86_64-fedora-gcc 0.1.2 174.73 ERROR
r-devel-windows-x86_64-new-UL 0.1.2 16.00 212.00 228.00 OK
r-devel-windows-x86_64-new-TK 0.1.2 NOTE
r-devel-windows-x86_64-old 0.1.2 21.00 143.00 164.00 OK
r-patched-linux-x86_64 0.1.2 7.15 149.63 156.78 OK
r-patched-solaris-x86 0.1.2 274.20 NOTE
r-release-linux-x86_64 0.1.2 6.99 147.04 154.03 OK
r-release-macos-arm64 0.1.2 NOTE
r-release-macos-x86_64 0.1.2 NOTE
r-release-windows-ix86+x86_64 0.1.2 17.00 200.00 217.00 OK
r-oldrel-macos-x86_64 0.1.2 NOTE
r-oldrel-windows-ix86+x86_64 0.1.2 17.00 201.00 218.00 OK

Check Details

Version: 0.1.2
Check: examples
Result: ERROR
    Running examples in ‘multifear-Ex.R’ failed
    The error most likely occurred in:
    
    > base::assign(".ptime", proc.time(), pos = "CheckExEnv")
    > ### Name: bt_test_mf
    > ### Title: bt_test_mf
    > ### Aliases: bt_test_mf
    >
    > ### ** Examples
    >
    > # Load example data
    > data(example_data)
    >
    > # Paired sample t-tests
    > bt_test_mf(cs1 = "CSP1", cs2 = "CSM1", subj = "id", data = example_data)
    # A tibble: 2 × 16
     x y exclusion cut_off model controls method p.value effect.size
     <chr> <chr> <chr> <chr> <chr> <lgl> <chr> <lgl> <lgl>
    1 cs scr full data full data Bayesi… NA Bayesian… NA NA
    2 cs scr full data full data Bayesi… NA Bayesian… NA NA
    # … with 7 more variables: effect.size.ma <lgl>, estimate <dbl>,
    # statistic <lgl>, conf.low <lgl>, conf.high <lgl>, framework <chr>,
    # data_used <list>
    >
    > # Independent sample t-tests
    > bt_test_mf(cs1 = "CSP1", cs2 = "CSM1", subj = "id", group = "group", data = example_data)
    Error in fastDummies::dummy_cols(., select_columns = group, remove_first_dummy = TRUE) :
     select_columns is/are not in data. Please check data and spelling.
    Calls: bt_test_mf -> data_preparation_ttest -> %>% -> <Anonymous>
    Execution halted
Flavor: r-devel-linux-x86_64-debian-gcc

Version: 0.1.2
Check: tests
Result: ERROR
     Running ‘testthat.R’ [64s/120s]
    Running the tests in ‘tests/testthat.R’ failed.
    Complete output:
     > library(testthat)
     > library(multifear)
     >
     > test_check("multifear")
     ══ Failed tests ════════════════════════════════════════════════════════════════
     ── Error (test.output.R:20:3): bt_test_mf for groups works ─────────────────────
     Error in `fastDummies::dummy_cols(., select_columns = group, remove_first_dummy = TRUE)`: select_columns is/are not in data. Please check data and spelling.
     Backtrace:
     █
     1. ├─testthat::expect_known_output(...) test.output.R:20:2
     2. │ ├─base::append(act, eval_with_output(object, print = print, width = width))
     3. │ └─testthat:::eval_with_output(object, print = print, width = width)
     4. │ ├─withr::with_output_sink(temp, withVisible(code))
     5. │ │ └─base::force(code)
     6. │ └─base::withVisible(code)
     7. ├─multifear::bt_test_mf(cs1, cs2, subj = subj, group = group, data = example_data)
     8. │ └─multifear:::data_preparation_ttest(...)
     9. │ └─`%>%`(...)
     10. └─fastDummies::dummy_cols(., select_columns = group, remove_first_dummy = TRUE)
     ── Error (test.output.R:28:3): t_test_mf for groups works ──────────────────────
     Error in `fastDummies::dummy_cols(., select_columns = group, remove_first_dummy = TRUE)`: select_columns is/are not in data. Please check data and spelling.
     Backtrace:
     █
     1. ├─testthat::expect_known_output(...) test.output.R:28:2
     2. │ ├─base::append(act, eval_with_output(object, print = print, width = width))
     3. │ └─testthat:::eval_with_output(object, print = print, width = width)
     4. │ ├─withr::with_output_sink(temp, withVisible(code))
     5. │ │ └─base::force(code)
     6. │ └─base::withVisible(code)
     7. ├─multifear::t_test_mf(cs1, cs2, subj = subj, group = group, data = example_data)
     8. │ └─multifear:::data_preparation_ttest(...)
     9. │ └─`%>%`(...)
     10. └─fastDummies::dummy_cols(., select_columns = group, remove_first_dummy = TRUE)
    
     [ FAIL 2 | WARN 1 | SKIP 0 | PASS 15 ]
     Error: Test failures
     Execution halted
Flavor: r-devel-linux-x86_64-debian-gcc

Version: 0.1.2
Check: dependencies in R code
Result: NOTE
    Namespace in Imports field not imported from: ‘ez’
     All declared Imports should be used.
Flavors: r-devel-linux-x86_64-fedora-clang, r-devel-linux-x86_64-fedora-gcc, r-devel-windows-x86_64-new-TK, r-patched-solaris-x86, r-release-macos-arm64, r-release-macos-x86_64, r-oldrel-macos-x86_64

Version: 0.1.2
Check: examples
Result: ERROR
    Running examples in ‘multifear-Ex.R’ failed
    The error most likely occurred in:
    
    > ### Name: bt_test_mf
    > ### Title: bt_test_mf
    > ### Aliases: bt_test_mf
    >
    > ### ** Examples
    >
    > # Load example data
    > data(example_data)
    >
    > # Paired sample t-tests
    > bt_test_mf(cs1 = "CSP1", cs2 = "CSM1", subj = "id", data = example_data)
    # A tibble: 2 × 16
     x y exclusion cut_off model controls method p.value effect.size
     <chr> <chr> <chr> <chr> <chr> <lgl> <chr> <lgl> <lgl>
    1 cs scr full data full data Bayesi… NA Bayesian… NA NA
    2 cs scr full data full data Bayesi… NA Bayesian… NA NA
    # … with 7 more variables: effect.size.ma <lgl>, estimate <dbl>,
    # statistic <lgl>, conf.low <lgl>, conf.high <lgl>, framework <chr>,
    # data_used <list>
    >
    > # Independent sample t-tests
    > bt_test_mf(cs1 = "CSP1", cs2 = "CSM1", subj = "id", group = "group", data = example_data)
    Error in fastDummies::dummy_cols(., select_columns = group, remove_first_dummy = TRUE) :
     select_columns is/are not in data. Please check data and spelling.
    Calls: bt_test_mf -> data_preparation_ttest -> %>% -> <Anonymous>
    Execution halted
Flavors: r-devel-linux-x86_64-fedora-clang, r-devel-linux-x86_64-fedora-gcc

Version: 0.1.2
Check: tests
Result: ERROR
     Running ‘testthat.R’ [100s/127s]
    Running the tests in ‘tests/testthat.R’ failed.
    Complete output:
     > library(testthat)
     > library(multifear)
     >
     > test_check("multifear")
     ══ Failed tests ════════════════════════════════════════════════════════════════
     ── Error (test.output.R:20:3): bt_test_mf for groups works ─────────────────────
     Error in `fastDummies::dummy_cols(., select_columns = group, remove_first_dummy = TRUE)`: select_columns is/are not in data. Please check data and spelling.
     Backtrace:
     █
     1. ├─testthat::expect_known_output(...) test.output.R:20:2
     2. │ ├─base::append(act, eval_with_output(object, print = print, width = width))
     3. │ └─testthat:::eval_with_output(object, print = print, width = width)
     4. │ ├─withr::with_output_sink(temp, withVisible(code))
     5. │ │ └─base::force(code)
     6. │ └─base::withVisible(code)
     7. ├─multifear::bt_test_mf(cs1, cs2, subj = subj, group = group, data = example_data)
     8. │ └─multifear:::data_preparation_ttest(...)
     9. │ └─`%>%`(...)
     10. └─fastDummies::dummy_cols(., select_columns = group, remove_first_dummy = TRUE)
     ── Error (test.output.R:28:3): t_test_mf for groups works ──────────────────────
     Error in `fastDummies::dummy_cols(., select_columns = group, remove_first_dummy = TRUE)`: select_columns is/are not in data. Please check data and spelling.
     Backtrace:
     █
     1. ├─testthat::expect_known_output(...) test.output.R:28:2
     2. │ ├─base::append(act, eval_with_output(object, print = print, width = width))
     3. │ └─testthat:::eval_with_output(object, print = print, width = width)
     4. │ ├─withr::with_output_sink(temp, withVisible(code))
     5. │ │ └─base::force(code)
     6. │ └─base::withVisible(code)
     7. ├─multifear::t_test_mf(cs1, cs2, subj = subj, group = group, data = example_data)
     8. │ └─multifear:::data_preparation_ttest(...)
     9. │ └─`%>%`(...)
     10. └─fastDummies::dummy_cols(., select_columns = group, remove_first_dummy = TRUE)
    
     [ FAIL 2 | WARN 1 | SKIP 0 | PASS 15 ]
     Error: Test failures
     Execution halted
Flavor: r-devel-linux-x86_64-fedora-clang

Version: 0.1.2
Check: tests
Result: ERROR
     Running ‘testthat.R’ [98s/121s]
    Running the tests in ‘tests/testthat.R’ failed.
    Complete output:
     > library(testthat)
     > library(multifear)
     >
     > test_check("multifear")
     ══ Failed tests ════════════════════════════════════════════════════════════════
     ── Error (test.output.R:20:3): bt_test_mf for groups works ─────────────────────
     Error in `fastDummies::dummy_cols(., select_columns = group, remove_first_dummy = TRUE)`: select_columns is/are not in data. Please check data and spelling.
     Backtrace:
     █
     1. ├─testthat::expect_known_output(...) test.output.R:20:2
     2. │ ├─base::append(act, eval_with_output(object, print = print, width = width))
     3. │ └─testthat:::eval_with_output(object, print = print, width = width)
     4. │ ├─withr::with_output_sink(temp, withVisible(code))
     5. │ │ └─base::force(code)
     6. │ └─base::withVisible(code)
     7. ├─multifear::bt_test_mf(cs1, cs2, subj = subj, group = group, data = example_data)
     8. │ └─multifear:::data_preparation_ttest(...)
     9. │ └─`%>%`(...)
     10. └─fastDummies::dummy_cols(., select_columns = group, remove_first_dummy = TRUE)
     ── Error (test.output.R:28:3): t_test_mf for groups works ──────────────────────
     Error in `fastDummies::dummy_cols(., select_columns = group, remove_first_dummy = TRUE)`: select_columns is/are not in data. Please check data and spelling.
     Backtrace:
     █
     1. ├─testthat::expect_known_output(...) test.output.R:28:2
     2. │ ├─base::append(act, eval_with_output(object, print = print, width = width))
     3. │ └─testthat:::eval_with_output(object, print = print, width = width)
     4. │ ├─withr::with_output_sink(temp, withVisible(code))
     5. │ │ └─base::force(code)
     6. │ └─base::withVisible(code)
     7. ├─multifear::t_test_mf(cs1, cs2, subj = subj, group = group, data = example_data)
     8. │ └─multifear:::data_preparation_ttest(...)
     9. │ └─`%>%`(...)
     10. └─fastDummies::dummy_cols(., select_columns = group, remove_first_dummy = TRUE)
    
     [ FAIL 2 | WARN 1 | SKIP 0 | PASS 15 ]
     Error: Test failures
     Execution halted
Flavor: r-devel-linux-x86_64-fedora-gcc