CRAN Package Check Results for Package multinet

Last updated on 2021-11-27 05:49:43 CET.

Flavor Version Tinstall Tcheck Ttotal Status Flags
r-devel-linux-x86_64-debian-clang 4.0 OK
r-devel-linux-x86_64-debian-gcc 4.0 636.49 37.80 674.29 OK
r-devel-linux-x86_64-fedora-clang 4.0 1284.20 NOTE
r-devel-linux-x86_64-fedora-gcc 4.0 1267.99 OK
r-devel-windows-x86_64-new-UL 4.0 962.00 170.00 1132.00 OK
r-devel-windows-x86_64-new-TK 4.0 OK
r-devel-windows-x86_64-old 4.0 690.00 97.00 787.00 OK
r-patched-linux-x86_64 4.0 760.82 46.22 807.04 OK
r-patched-solaris-x86 4.0 1343.50 OK
r-release-linux-x86_64 4.0 OK
r-release-macos-arm64 4.0 NOTE
r-release-macos-x86_64 4.0 NOTE
r-release-windows-ix86+x86_64 4.0 1803.00 99.00 1902.00 NOTE
r-oldrel-macos-x86_64 4.0 NOTE
r-oldrel-windows-ix86+x86_64 4.0 1391.00 131.00 1522.00 NOTE

Check Details

Version: 4.0
Check: installed package size
Result: NOTE
     installed size is 57.2Mb
     sub-directories of 1Mb or more:
     libs 57.0Mb
Flavors: r-devel-linux-x86_64-fedora-clang, r-release-macos-arm64, r-release-macos-x86_64, r-release-windows-ix86+x86_64, r-oldrel-macos-x86_64, r-oldrel-windows-ix86+x86_64