CRAN Package Check Results for Package multipanelfigure

Last updated on 2019-12-09 05:47:19 CET.

Flavor Version Tinstall Tcheck Ttotal Status Flags
r-devel-linux-x86_64-debian-clang 2.0.2 5.24 65.22 70.46 OK
r-devel-linux-x86_64-debian-gcc 2.0.2 4.43 50.90 55.33 OK
r-devel-linux-x86_64-fedora-clang 2.0.2 84.53 OK
r-devel-linux-x86_64-fedora-gcc 2.0.2 76.85 OK
r-devel-windows-ix86+x86_64 2.0.2 13.00 114.00 127.00 OK
r-devel-windows-ix86+x86_64-gcc8 2.0.2 12.00 126.00 138.00 OK
r-patched-linux-x86_64 2.0.2 5.10 59.46 64.56 OK
r-release-linux-x86_64 2.0.2 5.03 58.76 63.79 OK
r-release-windows-ix86+x86_64 2.0.2 14.00 70.00 84.00 OK
r-release-osx-x86_64 2.0.2 NOTE
r-oldrel-windows-ix86+x86_64 2.0.2 7.00 65.00 72.00 OK
r-oldrel-osx-x86_64 2.0.2 OK

Check Details

Version: 2.0.2
Check: package dependencies
Result: NOTE
    Package suggested but not available for checking: ‘ComplexHeatmap’
Flavor: r-release-osx-x86_64

Version: 2.0.2
Check: Rd cross-references
Result: NOTE
    Package unavailable to check Rd xrefs: ‘ComplexHeatmap’
Flavor: r-release-osx-x86_64