CRAN Package Check Results for Package multipanelfigure

Last updated on 2019-08-18 05:46:19 CEST.

Flavor Version Tinstall Tcheck Ttotal Status Flags
r-devel-linux-x86_64-debian-clang 2.0.2 4.99 61.30 66.29 OK
r-devel-linux-x86_64-debian-gcc 2.0.2 4.02 48.23 52.25 OK
r-devel-linux-x86_64-fedora-clang 2.0.2 79.53 OK
r-devel-linux-x86_64-fedora-gcc 2.0.2 75.95 OK
r-devel-windows-ix86+x86_64 2.0.2 18.00 104.00 122.00 OK
r-patched-linux-x86_64 2.0.2 4.92 59.50 64.42 OK
r-release-linux-x86_64 2.0.2 4.06 59.88 63.94 OK
r-release-windows-ix86+x86_64 2.0.2 20.00 101.00 121.00 OK
r-release-osx-x86_64 2.0.2 NOTE
r-oldrel-windows-ix86+x86_64 2.0.2 10.00 101.00 111.00 OK
r-oldrel-osx-x86_64 2.0.2 OK

Check Details

Version: 2.0.2
Check: package dependencies
Result: NOTE
    Package suggested but not available for checking: ‘ComplexHeatmap’
Flavor: r-release-osx-x86_64

Version: 2.0.2
Check: Rd cross-references
Result: NOTE
    Package unavailable to check Rd xrefs: ‘ComplexHeatmap’
Flavor: r-release-osx-x86_64