CRAN Package Check Results for Package multipleOutcomes

Last updated on 2024-06-13 06:58:09 CEST.

Flavor Version Tinstall Tcheck Ttotal Status Flags
r-devel-linux-x86_64-debian-clang 0.4 9.35 101.98 111.33 OK
r-devel-linux-x86_64-debian-gcc 0.4 0.35 1.66 2.01 ERROR
r-devel-linux-x86_64-fedora-clang 0.4 146.87 OK
r-devel-linux-x86_64-fedora-gcc 0.4 146.02 OK
r-devel-windows-x86_64 0.4 9.00 111.00 120.00 OK
r-patched-linux-x86_64 0.4 10.39 97.22 107.61 OK
r-release-linux-x86_64 0.4 8.30 97.23 105.53 OK
r-release-macos-arm64 0.4 54.00 OK
r-release-macos-x86_64 0.4 106.00 OK
r-release-windows-x86_64 0.4 11.00 90.00 101.00 OK
r-oldrel-macos-arm64 0.4 55.00 OK
r-oldrel-macos-x86_64 0.4 100.00 OK
r-oldrel-windows-x86_64 0.4 13.00 109.00 122.00 OK

Check Details

Version: 0.4
Check: package dependencies
Result: ERROR Packages required but not available: 'dplyr', 'stringr' Packages suggested but not available for checking: 'ggplot2', 'invGauss', 'pec', 'randomForestSRC', 'survminer', 'tidyr' See section ‘The DESCRIPTION file’ in the ‘Writing R Extensions’ manual. Flavor: r-devel-linux-x86_64-debian-gcc