Last updated on 2023-02-02 06:03:35 CET.
Flavor | Version | Tinstall | Tcheck | Ttotal | Status | Flags |
---|---|---|---|---|---|---|
r-devel-linux-x86_64-debian-clang | 0.7 | 38.83 | 365.31 | 404.14 | NOTE | |
r-devel-linux-x86_64-debian-gcc | 0.7 | 32.92 | 268.30 | 301.22 | NOTE | |
r-devel-linux-x86_64-fedora-clang | 0.7 | 521.88 | NOTE | |||
r-devel-linux-x86_64-fedora-gcc | 0.7 | 512.16 | NOTE | |||
r-devel-windows-x86_64 | 0.7 | 234.00 | 430.00 | 664.00 | NOTE | |
r-patched-linux-x86_64 | 0.7 | 35.74 | 348.10 | 383.84 | OK | |
r-release-linux-x86_64 | 0.7 | 31.54 | 342.81 | 374.35 | OK | |
r-release-macos-arm64 | 0.7 | 146.00 | OK | |||
r-release-macos-x86_64 | 0.7 | 197.00 | OK | |||
r-release-windows-x86_64 | 0.7 | 238.00 | 430.00 | 668.00 | OK | |
r-oldrel-macos-arm64 | 0.7 | 143.00 | OK | |||
r-oldrel-macos-x86_64 | 0.7 | 193.00 | OK | |||
r-oldrel-windows-ix86+x86_64 | 0.7 | 91.00 | 489.00 | 580.00 | OK |
Version: 0.7
Check: C++ specification
Result: NOTE
Specified C++14: please update to current default of C++17
Flavors: r-devel-linux-x86_64-debian-clang, r-devel-linux-x86_64-debian-gcc, r-devel-linux-x86_64-fedora-clang, r-devel-linux-x86_64-fedora-gcc, r-devel-windows-x86_64