CRAN Package Check Results for Package mvcluster

Last updated on 2021-01-15 05:48:58 CET.

Flavor Version Tinstall Tcheck Ttotal Status Flags
r-devel-linux-x86_64-debian-clang 1.0 105.07 32.94 138.01 NOTE
r-devel-linux-x86_64-debian-gcc 1.0 71.16 25.01 96.17 NOTE
r-devel-linux-x86_64-fedora-clang 1.0 212.36 NOTE
r-devel-linux-x86_64-fedora-gcc 1.0 185.12 NOTE
r-devel-windows-ix86+x86_64 1.0 221.00 80.00 301.00 NOTE
r-patched-linux-x86_64 1.0 84.39 32.53 116.92 NOTE
r-patched-solaris-x86 1.0 172.50 NOTE
r-release-linux-x86_64 1.0 89.45 32.35 121.80 NOTE
r-release-macos-x86_64 1.0 NOTE
r-release-windows-ix86+x86_64 1.0 273.00 70.00 343.00 NOTE
r-oldrel-macos-x86_64 1.0 NOTE
r-oldrel-windows-ix86+x86_64 1.0 177.00 56.00 233.00 NOTE

Check Details

Version: 1.0
Check: DESCRIPTION meta-information
Result: NOTE
    Checking should be performed on sources prepared by 'R CMD build'.
Flavors: r-devel-linux-x86_64-debian-clang, r-devel-linux-x86_64-debian-gcc, r-devel-linux-x86_64-fedora-clang, r-devel-linux-x86_64-fedora-gcc, r-devel-windows-ix86+x86_64, r-patched-linux-x86_64, r-patched-solaris-x86, r-release-linux-x86_64, r-release-macos-x86_64, r-release-windows-ix86+x86_64, r-oldrel-macos-x86_64, r-oldrel-windows-ix86+x86_64

Version: 1.0
Check: compiled code
Result: NOTE
    File ‘mvcluster/libs/mvcluster.so’:
     Found no calls to: ‘R_registerRoutines’, ‘R_useDynamicSymbols’
    
    It is good practice to register native routines and to disable symbol
    search.
    
    See ‘Writing portable packages’ in the ‘Writing R Extensions’ manual.
Flavors: r-devel-linux-x86_64-fedora-clang, r-devel-linux-x86_64-fedora-gcc