CRAN Package Check Results for Package mvnpermute

Last updated on 2021-10-23 06:13:16 CEST.

Flavor Version Tinstall Tcheck Ttotal Status Flags
r-devel-linux-x86_64-debian-clang 1.0.0 1.63 18.95 20.58 NOTE
r-devel-linux-x86_64-debian-gcc 1.0.0 1.49 15.25 16.74 NOTE
r-devel-linux-x86_64-fedora-clang 1.0.0 36.77 NOTE
r-devel-linux-x86_64-fedora-gcc 1.0.0 25.74 NOTE
r-devel-windows-x86_64 1.0.0 3.00 36.00 39.00 NOTE
r-devel-windows-x86_64-gcc10-UCRT 1.0.0 NOTE
r-patched-linux-x86_64 1.0.0 1.67 18.50 20.17 NOTE
r-patched-solaris-x86 1.0.0 39.80 NOTE
r-release-linux-x86_64 1.0.0 1.65 18.46 20.11 NOTE
r-release-macos-arm64 1.0.0 NOTE
r-release-macos-x86_64 1.0.0 NOTE
r-release-windows-ix86+x86_64 1.0.0 5.00 25.00 30.00 NOTE
r-oldrel-macos-x86_64 1.0.0 NOTE
r-oldrel-windows-ix86+x86_64 1.0.0 4.00 22.00 26.00 NOTE

Check Details

Version: 1.0.0
Check: R code for possible problems
Result: NOTE
    mvnpermute: no visible global function definition for 'lm'
    mvnpermute: no visible global function definition for 'coef'
    mvnpermute: no visible global function definition for 'resid'
    Undefined global functions or variables:
     coef lm resid
    Consider adding
     importFrom("stats", "coef", "lm", "resid")
    to your NAMESPACE file.
Flavors: r-devel-linux-x86_64-debian-clang, r-devel-linux-x86_64-debian-gcc, r-devel-linux-x86_64-fedora-clang, r-devel-linux-x86_64-fedora-gcc, r-devel-windows-x86_64, r-devel-windows-x86_64-gcc10-UCRT, r-patched-linux-x86_64, r-patched-solaris-x86, r-release-linux-x86_64, r-release-macos-arm64, r-release-macos-x86_64, r-release-windows-ix86+x86_64, r-oldrel-macos-x86_64, r-oldrel-windows-ix86+x86_64