CRAN Package Check Results for Package myTAI

Last updated on 2021-11-30 05:53:25 CET.

Flavor Version Tinstall Tcheck Ttotal Status Flags
r-devel-linux-x86_64-debian-clang 0.9.3 31.19 190.39 221.58 OK
r-devel-linux-x86_64-debian-gcc 0.9.3 21.80 150.31 172.11 OK
r-devel-linux-x86_64-fedora-clang 0.9.3 314.04 OK
r-devel-linux-x86_64-fedora-gcc 0.9.3 274.02 OK
r-devel-windows-x86_64-new-UL 0.9.3 52.00 321.00 373.00 OK
r-devel-windows-x86_64-new-TK 0.9.3 OK
r-devel-windows-x86_64-old 0.9.3 46.00 212.00 258.00 OK
r-patched-linux-x86_64 0.9.3 28.74 190.76 219.50 OK
r-patched-solaris-x86 0.9.3 364.80 OK
r-release-linux-x86_64 0.9.3 30.36 194.36 224.72 OK
r-release-macos-arm64 0.9.3 OK
r-release-macos-x86_64 0.9.3 OK
r-release-windows-ix86+x86_64 0.9.3 78.00 329.00 407.00 NOTE
r-oldrel-macos-x86_64 0.9.3 OK
r-oldrel-windows-ix86+x86_64 0.9.3 56.00 332.00 388.00 NOTE

Check Details

Version: 0.9.3
Check: installed package size
Result: NOTE
     installed size is 5.6Mb
     sub-directories of 1Mb or more:
     data 2.0Mb
     doc 1.1Mb
     libs 2.1Mb
Flavors: r-release-windows-ix86+x86_64, r-oldrel-windows-ix86+x86_64