CRAN Package Check Results for Package nabor

Last updated on 2022-01-16 05:51:27 CET.

Flavor Version Tinstall Tcheck Ttotal Status Flags
r-devel-linux-x86_64-debian-clang 0.5.0 60.79 43.19 103.98 OK
r-devel-linux-x86_64-debian-gcc 0.5.0 46.14 34.81 80.95 OK
r-devel-linux-x86_64-fedora-clang 0.5.0 152.70 NOTE
r-devel-linux-x86_64-fedora-gcc 0.5.0 130.44 OK
r-devel-windows-x86_64-new-UL 0.5.0 64.00 85.00 149.00 OK
r-devel-windows-x86_64-new-TK 0.5.0 OK
r-patched-linux-x86_64 0.5.0 54.43 42.59 97.02 OK
r-release-linux-x86_64 0.5.0 OK
r-release-macos-arm64 0.5.0 NOTE
r-release-macos-x86_64 0.5.0 NOTE
r-release-windows-ix86+x86_64 0.5.0 146.00 92.00 238.00 OK
r-oldrel-macos-x86_64 0.5.0 NOTE
r-oldrel-windows-ix86+x86_64 0.5.0 148.00 88.00 236.00 OK

Check Details

Version: 0.5.0
Check: installed package size
Result: NOTE
     installed size is 7.3Mb
     sub-directories of 1Mb or more:
     libs 7.2Mb
Flavors: r-devel-linux-x86_64-fedora-clang, r-release-macos-arm64, r-release-macos-x86_64, r-oldrel-macos-x86_64