CRAN Package Check Results for Package nat.nblast

Last updated on 2021-10-22 05:59:53 CEST.

Flavor Version Tinstall Tcheck Ttotal Status Flags
r-devel-linux-x86_64-debian-clang 1.6.5 7.57 93.00 100.57 OK
r-devel-linux-x86_64-debian-gcc 1.6.5 7.21 71.59 78.80 OK
r-devel-linux-x86_64-fedora-clang 1.6.5 132.61 OK
r-devel-linux-x86_64-fedora-gcc 1.6.5 122.36 OK
r-devel-windows-x86_64 1.6.5 14.00 132.00 146.00 OK
r-devel-windows-x86_64-gcc10-UCRT 1.6.5 ERROR
r-patched-linux-x86_64 1.6.5 12.07 88.43 100.50 OK
r-patched-solaris-x86 1.6.5 168.00 OK
r-release-linux-x86_64 1.6.5 9.24 88.85 98.09 OK
r-release-macos-arm64 1.6.5 OK
r-release-macos-x86_64 1.6.5 OK
r-release-windows-ix86+x86_64 1.6.5 14.00 113.00 127.00 OK
r-oldrel-macos-x86_64 1.6.5 OK
r-oldrel-windows-ix86+x86_64 1.6.5 20.00 116.00 136.00 OK

Check Details

Version: 1.6.5
Check: package dependencies
Result: ERROR
    Package required but not available: 'nat'
    
    See section 'The DESCRIPTION file' in the 'Writing R Extensions'
    manual.
Flavor: r-devel-windows-x86_64-gcc10-UCRT