CRAN Package Check Results for Package ndjson

Last updated on 2021-06-21 05:49:45 CEST.

Flavor Version Tinstall Tcheck Ttotal Status Flags
r-devel-linux-x86_64-debian-clang 0.8.0 24.87 28.28 53.15 OK
r-devel-linux-x86_64-debian-gcc 0.8.0 19.73 22.14 41.87 OK
r-devel-linux-x86_64-fedora-clang 0.8.0 83.36 OK
r-devel-linux-x86_64-fedora-gcc 0.8.0 70.92 OK
r-devel-windows-x86_64 0.8.0 35.00 58.00 93.00 OK
r-devel-windows-x86_64-gcc10-UCRT 0.8.0 NOTE
r-patched-linux-x86_64 0.8.0 24.41 26.96 51.37 OK
r-patched-solaris-x86 0.8.0 79.80 OK
r-release-linux-x86_64 0.8.0 21.48 27.28 48.76 OK
r-release-macos-arm64 0.8.0 OK
r-release-macos-x86_64 0.8.0 OK
r-release-windows-ix86+x86_64 0.8.0 67.00 69.00 136.00 OK
r-oldrel-macos-x86_64 0.8.0 OK
r-oldrel-windows-ix86+x86_64 0.8.0 46.00 0.00 46.00 OK

Check Details

Version: 0.8.0
Check: package dependencies
Result: NOTE
    Package suggested but not available for checking: 'covr'
Flavor: r-devel-windows-x86_64-gcc10-UCRT