CRAN Package Check Results for Package neonUtilities

Last updated on 2024-06-13 06:58:10 CEST.

Flavor Version Tinstall Tcheck Ttotal Status Flags
r-devel-linux-x86_64-debian-clang 2.4.2 9.28 62.46 71.74 OK
r-devel-linux-x86_64-debian-gcc 2.4.2 0.50 1.61 2.11 ERROR
r-devel-linux-x86_64-fedora-clang 2.4.2 89.63 OK
r-devel-linux-x86_64-fedora-gcc 2.4.2 84.24 OK
r-devel-windows-x86_64 2.4.2 9.00 72.00 81.00 OK
r-patched-linux-x86_64 2.4.2 7.36 61.31 68.67 OK
r-release-linux-x86_64 2.4.2 6.22 59.71 65.93 OK
r-release-macos-arm64 2.4.2 36.00 OK
r-release-macos-x86_64 2.4.2 55.00 OK
r-release-windows-x86_64 2.4.2 9.00 73.00 82.00 OK
r-oldrel-macos-arm64 2.4.2 43.00 NOTE
r-oldrel-macos-x86_64 2.4.2 72.00 NOTE
r-oldrel-windows-x86_64 2.4.2 11.00 83.00 94.00 OK

Check Details

Version: 2.4.2
Check: package dependencies
Result: ERROR Packages required but not available: 'tidyr', 'stringr' Package suggested but not available for checking: ‘testthat’ See section ‘The DESCRIPTION file’ in the ‘Writing R Extensions’ manual. Flavor: r-devel-linux-x86_64-debian-gcc

Version: 2.4.2
Check: package dependencies
Result: NOTE Package suggested but not available for checking: ‘rhdf5’ Flavors: r-oldrel-macos-arm64, r-oldrel-macos-x86_64