CRAN Package Check Results for Package netdiffuseR

Last updated on 2022-01-28 05:49:03 CET.

Flavor Version Tinstall Tcheck Ttotal Status Flags
r-devel-linux-x86_64-debian-clang 1.22.3 150.85 355.37 506.22 OK
r-devel-linux-x86_64-debian-gcc 1.22.3 113.57 273.70 387.27 OK
r-devel-linux-x86_64-fedora-clang 1.22.3 648.71 NOTE
r-devel-linux-x86_64-fedora-gcc 1.22.3 615.29 OK
r-devel-windows-x86_64-new-UL 1.22.3 264.00 245.00 509.00 NOTE --no-vignettes
r-devel-windows-x86_64-new-TK 1.22.3 OK
r-patched-linux-x86_64 1.22.3 134.83 336.63 471.46 OK
r-release-linux-x86_64 1.22.3 129.82 338.91 468.73 OK
r-release-macos-arm64 1.22.3 NOTE
r-release-macos-x86_64 1.22.3 NOTE
r-release-windows-ix86+x86_64 1.22.3 345.00 307.00 652.00 NOTE --no-vignettes
r-oldrel-macos-x86_64 1.22.3 NOTE
r-oldrel-windows-ix86+x86_64 1.22.3 348.00 325.00 673.00 NOTE --no-vignettes

Check Details

Version: 1.22.3
Check: installed package size
Result: NOTE
     installed size is 10.1Mb
     sub-directories of 1Mb or more:
     doc 2.3Mb
     libs 6.0Mb
Flavors: r-devel-linux-x86_64-fedora-clang, r-release-macos-arm64, r-release-macos-x86_64, r-oldrel-macos-x86_64

Version: 1.22.3
Flags: --no-vignettes
Check: installed package size
Result: NOTE
     installed size is 5.5Mb
     sub-directories of 1Mb or more:
     doc 2.3Mb
     libs 1.5Mb
Flavors: r-devel-windows-x86_64-new-UL, r-release-windows-ix86+x86_64, r-oldrel-windows-ix86+x86_64