CRAN Package Check Results for Package netmeta

Last updated on 2020-01-20 05:47:20 CET.

Flavor Version Tinstall Tcheck Ttotal Status Flags
r-devel-linux-x86_64-debian-clang 1.2-0 23.41 340.99 364.40 OK
r-devel-linux-x86_64-debian-gcc 1.2-0 18.07 258.91 276.98 OK
r-devel-linux-x86_64-fedora-clang 1.2-0 422.18 NOTE
r-devel-linux-x86_64-fedora-gcc 1.2-0 423.72 NOTE
r-devel-windows-ix86+x86_64 1.2-0 52.00 448.00 500.00 OK
r-devel-windows-ix86+x86_64-gcc8 1.2-0 38.00 486.00 524.00 OK
r-patched-linux-x86_64 1.2-0 17.71 296.56 314.27 OK
r-patched-solaris-x86 1.2-0 464.00 NOTE
r-release-linux-x86_64 1.2-0 18.12 299.31 317.43 OK
r-release-windows-ix86+x86_64 1.2-0 44.00 387.00 431.00 OK
r-release-osx-x86_64 1.2-0 NOTE
r-oldrel-windows-ix86+x86_64 1.2-0 28.00 257.00 285.00 OK
r-oldrel-osx-x86_64 1.2-0 NOTE

Check Details

Version: 1.2-0
Check: data for non-ASCII characters
Result: NOTE
     Note: found 1 marked UTF-8 string
Flavors: r-devel-linux-x86_64-fedora-clang, r-devel-linux-x86_64-fedora-gcc, r-patched-solaris-x86, r-release-osx-x86_64, r-oldrel-osx-x86_64

Version: 1.2-0
Check: dependencies in R code
Result: NOTE
    No protocol specified
Flavors: r-release-osx-x86_64, r-oldrel-osx-x86_64