Last updated on 2021-01-23 05:47:09 CET.
Flavor | Version | Tinstall | Tcheck | Ttotal | Status | Flags |
---|---|---|---|---|---|---|
r-devel-linux-x86_64-debian-clang | 0.3.0 | 166.75 | 78.37 | 245.12 | OK | |
r-devel-linux-x86_64-debian-gcc | 0.3.0 | 98.78 | 60.05 | 158.83 | OK | |
r-devel-linux-x86_64-fedora-clang | 0.3.0 | 348.13 | NOTE | |||
r-devel-linux-x86_64-fedora-gcc | 0.3.0 | 296.36 | OK | |||
r-devel-windows-ix86+x86_64 | 0.3.0 | 369.00 | 111.00 | 480.00 | OK | |
r-patched-linux-x86_64 | 0.3.0 | 122.01 | 73.94 | 195.95 | OK | |
r-patched-solaris-x86 | 0.3.0 | 272.70 | OK | |||
r-release-linux-x86_64 | 0.3.0 | 119.15 | 74.37 | 193.52 | OK | |
r-release-macos-x86_64 | 0.3.0 | NOTE | ||||
r-release-windows-ix86+x86_64 | 0.3.0 | 272.00 | 143.00 | 415.00 | OK | |
r-oldrel-macos-x86_64 | 0.3.0 | NOTE | ||||
r-oldrel-windows-ix86+x86_64 | 0.3.0 | 257.00 | 102.00 | 359.00 | OK |
Version: 0.3.0
Check: installed package size
Result: NOTE
installed size is 6.3Mb
sub-directories of 1Mb or more:
libs 4.9Mb
Flavors: r-devel-linux-x86_64-fedora-clang, r-release-macos-x86_64, r-oldrel-macos-x86_64