CRAN Package Check Results for Package networksis

Last updated on 2019-08-18 05:46:19 CEST.

Flavor Version Tinstall Tcheck Ttotal Status Flags
r-devel-linux-x86_64-debian-clang 2.1-3 3.54 25.88 29.42 NOTE
r-devel-linux-x86_64-debian-gcc 2.1-3 2.64 20.59 23.23 NOTE
r-devel-linux-x86_64-fedora-clang 2.1-3 37.00 NOTE
r-devel-linux-x86_64-fedora-gcc 2.1-3 34.87 NOTE
r-devel-windows-ix86+x86_64 2.1-3 15.00 66.00 81.00 NOTE
r-patched-linux-x86_64 2.1-3 3.40 24.99 28.39 NOTE
r-patched-solaris-x86 2.1-3 57.20 NOTE
r-release-linux-x86_64 2.1-3 2.80 24.99 27.79 NOTE
r-release-windows-ix86+x86_64 2.1-3 15.00 68.00 83.00 NOTE
r-release-osx-x86_64 2.1-3 NOTE
r-oldrel-windows-ix86+x86_64 2.1-3 16.00 61.00 77.00 NOTE
r-oldrel-osx-x86_64 2.1-3 NOTE

Check Details

Version: 2.1-3
Check: R code for possible problems
Result: NOTE
    simulate.sisnetwork: no visible global function definition for 'var'
    Undefined global functions or variables:
     var
    Consider adding
     importFrom("stats", "var")
    to your NAMESPACE file.
Flavors: r-devel-linux-x86_64-debian-clang, r-devel-linux-x86_64-debian-gcc, r-devel-linux-x86_64-fedora-clang, r-devel-linux-x86_64-fedora-gcc, r-devel-windows-ix86+x86_64, r-patched-linux-x86_64, r-patched-solaris-x86, r-release-linux-x86_64, r-release-windows-ix86+x86_64, r-release-osx-x86_64, r-oldrel-windows-ix86+x86_64, r-oldrel-osx-x86_64

Version: 2.1-3
Check: compiled code
Result: NOTE
    File ‘networksis/libs/networksis.so’:
     Found no calls to: ‘R_registerRoutines’, ‘R_useDynamicSymbols’
    
    It is good practice to register native routines and to disable symbol
    search.
    
    See ‘Writing portable packages’ in the ‘Writing R Extensions’ manual.
Flavors: r-devel-linux-x86_64-fedora-clang, r-devel-linux-x86_64-fedora-gcc