CRAN Package Check Results for Package networksis

Last updated on 2019-12-15 05:47:46 CET.

Flavor Version Tinstall Tcheck Ttotal Status Flags
r-devel-linux-x86_64-debian-clang 2.1-3 3.77 26.78 30.55 NOTE
r-devel-linux-x86_64-debian-gcc 2.1-3 2.94 21.22 24.16 NOTE
r-devel-linux-x86_64-fedora-clang 2.1-3 38.28 NOTE
r-devel-linux-x86_64-fedora-gcc 2.1-3 36.32 NOTE
r-devel-windows-ix86+x86_64 2.1-3 10.00 74.00 84.00 NOTE
r-devel-windows-ix86+x86_64-gcc8 2.1-3 11.00 67.00 78.00 NOTE
r-patched-linux-x86_64 2.1-3 3.02 24.33 27.35 NOTE
r-patched-solaris-x86 2.1-3 52.60 NOTE
r-release-linux-x86_64 2.1-3 2.88 24.38 27.26 NOTE
r-release-windows-ix86+x86_64 2.1-3 9.00 50.00 59.00 NOTE
r-release-osx-x86_64 2.1-3 NOTE
r-oldrel-windows-ix86+x86_64 2.1-3 8.00 46.00 54.00 NOTE
r-oldrel-osx-x86_64 2.1-3 NOTE

Check Details

Version: 2.1-3
Check: R code for possible problems
Result: NOTE
    simulate.sisnetwork: no visible global function definition for 'var'
    Undefined global functions or variables:
     var
    Consider adding
     importFrom("stats", "var")
    to your NAMESPACE file.
Flavors: r-devel-linux-x86_64-debian-clang, r-devel-linux-x86_64-debian-gcc, r-devel-linux-x86_64-fedora-clang, r-devel-linux-x86_64-fedora-gcc, r-devel-windows-ix86+x86_64, r-devel-windows-ix86+x86_64-gcc8, r-patched-linux-x86_64, r-patched-solaris-x86, r-release-linux-x86_64, r-release-windows-ix86+x86_64, r-release-osx-x86_64, r-oldrel-windows-ix86+x86_64, r-oldrel-osx-x86_64

Version: 2.1-3
Check: compiled code
Result: NOTE
    File ‘networksis/libs/networksis.so’:
     Found no calls to: ‘R_registerRoutines’, ‘R_useDynamicSymbols’
    
    It is good practice to register native routines and to disable symbol
    search.
    
    See ‘Writing portable packages’ in the ‘Writing R Extensions’ manual.
Flavors: r-devel-linux-x86_64-fedora-clang, r-devel-linux-x86_64-fedora-gcc