CRAN Package Check Results for Package nhstplot

Last updated on 2021-12-05 05:52:53 CET.

Flavor Version Tinstall Tcheck Ttotal Status Flags
r-devel-linux-x86_64-debian-clang 1.1.0 2.84 76.19 79.03 NOTE
r-devel-linux-x86_64-debian-gcc 1.1.0 2.76 58.00 60.76 NOTE
r-devel-linux-x86_64-fedora-clang 1.1.0 92.75 NOTE
r-devel-linux-x86_64-fedora-gcc 1.1.0 82.47 NOTE
r-devel-windows-x86_64-new-UL 1.1.0 10.00 147.00 157.00 NOTE
r-devel-windows-x86_64-new-TK 1.1.0 NOTE
r-devel-windows-x86_64-old 1.1.0 6.00 115.00 121.00 NOTE
r-patched-linux-x86_64 1.1.0 3.01 61.03 64.04 NOTE
r-release-linux-x86_64 1.1.0 2.79 69.00 71.79 NOTE
r-release-macos-arm64 1.1.0 NOTE
r-release-macos-x86_64 1.1.0 NOTE
r-release-windows-ix86+x86_64 1.1.0 7.00 87.00 94.00 NOTE
r-oldrel-macos-x86_64 1.1.0 OK
r-oldrel-windows-ix86+x86_64 1.1.0 6.00 131.00 137.00 OK

Check Details

Version: 1.1.0
Check: LazyData
Result: NOTE
     'LazyData' is specified without a 'data' directory
Flavors: r-devel-linux-x86_64-debian-clang, r-devel-linux-x86_64-debian-gcc, r-devel-linux-x86_64-fedora-clang, r-devel-linux-x86_64-fedora-gcc, r-devel-windows-x86_64-new-UL, r-devel-windows-x86_64-new-TK, r-devel-windows-x86_64-old, r-patched-linux-x86_64, r-release-linux-x86_64, r-release-macos-arm64, r-release-macos-x86_64, r-release-windows-ix86+x86_64