Last updated on 2023-10-01 06:53:14 CEST.
Flavor | Version | Tinstall | Tcheck | Ttotal | Status | Flags |
---|---|---|---|---|---|---|
r-devel-linux-x86_64-debian-clang | 2.1.7 | 375.99 | 200.55 | 576.54 | OK | |
r-devel-linux-x86_64-debian-gcc | 2.1.7 | 263.93 | 143.23 | 407.16 | OK | |
r-devel-linux-x86_64-fedora-clang | 2.1.7 | 792.75 | OK | |||
r-devel-linux-x86_64-fedora-gcc | 2.1.7 | 846.76 | OK | |||
r-devel-windows-x86_64 | 2.1.7 | 262.00 | 193.00 | 455.00 | OK | |
r-patched-linux-x86_64 | 2.1.7 | 282.01 | 189.23 | 471.24 | OK | |
r-release-linux-x86_64 | 2.1.7 | 263.95 | 188.24 | 452.19 | OK | |
r-release-macos-arm64 | 2.1.7 | 171.00 | NOTE | |||
r-release-macos-x86_64 | 2.1.7 | 268.00 | NOTE | |||
r-release-windows-x86_64 | 2.1.7 | 364.00 | 234.00 | 598.00 | OK | |
r-oldrel-macos-arm64 | 2.1.7 | 150.00 | WARN | |||
r-oldrel-macos-x86_64 | 2.1.7 | 218.00 | WARN | |||
r-oldrel-windows-x86_64 | 2.1.7 | 341.00 | 208.00 | 549.00 | OK |
Version: 2.1.7
Check: installed package size
Result: NOTE
installed size is 19.0Mb
sub-directories of 1Mb or more:
libs 17.9Mb
Flavors: r-release-macos-arm64, r-release-macos-x86_64, r-oldrel-macos-arm64, r-oldrel-macos-x86_64
Version: 2.1.7
Check: Rd cross-references
Result: WARN
Missing link or links in documentation object 'nmNearPD.Rd':
‘[Matrix]{isSymmetric}’
See section 'Cross-references' in the 'Writing R Extensions' manual.
Flavors: r-oldrel-macos-arm64, r-oldrel-macos-x86_64