CRAN Package Check Results for Package nlmixr2est

Last updated on 2022-11-28 04:54:47 CET.

Flavor Version Tinstall Tcheck Ttotal Status Flags
r-devel-linux-x86_64-debian-clang 2.1.3 377.87 195.94 573.81 OK
r-devel-linux-x86_64-debian-gcc 2.1.3 325.43 144.24 469.67 OK
r-devel-linux-x86_64-fedora-clang 2.1.3 881.79 NOTE
r-devel-linux-x86_64-fedora-gcc 2.1.3 859.29 NOTE
r-devel-windows-x86_64 2.1.3 406.00 263.00 669.00 OK
r-patched-linux-x86_64 2.1.3 275.70 181.89 457.59 OK
r-release-linux-x86_64 2.1.3 276.56 184.01 460.57 OK
r-release-macos-arm64 2.1.3 195.00 NOTE
r-release-macos-x86_64 2.1.3 228.00 NOTE
r-release-windows-x86_64 2.1.3 226.00 250.00 476.00 OK
r-oldrel-macos-arm64 2.1.3 195.00 NOTE
r-oldrel-macos-x86_64 2.1.3 239.00 NOTE
r-oldrel-windows-ix86+x86_64 2.1.3 934.00 332.00 1266.00 NOTE

Check Details

Version: 2.1.3
Check: dependencies in R code
Result: NOTE
    Namespace in Imports field not imported from: ‘vpc’
     All declared Imports should be used.
Flavors: r-devel-linux-x86_64-fedora-clang, r-devel-linux-x86_64-fedora-gcc, r-release-macos-arm64, r-release-macos-x86_64, r-oldrel-macos-arm64, r-oldrel-macos-x86_64

Version: 2.1.3
Check: installed package size
Result: NOTE
     installed size is 29.8Mb
     sub-directories of 1Mb or more:
     libs 28.7Mb
Flavors: r-release-macos-arm64, r-release-macos-x86_64, r-oldrel-macos-arm64, r-oldrel-macos-x86_64, r-oldrel-windows-ix86+x86_64