CRAN Package Check Results for Package nnet

Last updated on 2022-10-07 05:52:02 CEST.

Flavor Version Tinstall Tcheck Ttotal Status Flags
r-devel-linux-x86_64-debian-clang 7.3-18 3.11 28.31 31.42 OK
r-devel-linux-x86_64-debian-gcc 7.3-18 2.41 21.48 23.89 NOTE
r-devel-linux-x86_64-fedora-clang 7.3-18 37.26 OK
r-devel-linux-x86_64-fedora-gcc 7.3-18 51.73 OK
r-devel-windows-x86_64 7.3-18 27.00 55.00 82.00 OK
r-patched-linux-x86_64 7.3-18 3.38 27.34 30.72 OK
r-release-linux-x86_64 7.3-18 2.59 27.37 29.96 OK
r-release-macos-arm64 7.3-18 28.00 OK
r-release-macos-x86_64 7.3-18 42.00 OK
r-release-windows-x86_64 7.3-18 21.00 54.00 75.00 OK
r-oldrel-macos-arm64 7.3-18 31.00 OK
r-oldrel-macos-x86_64 7.3-18 45.00 OK
r-oldrel-windows-ix86+x86_64 7.3-18 18.00 56.00 74.00 OK

Check Details

Version: 7.3-18
Check: compilation flags used
Result: NOTE
    Compilation used the following non-portable flag(s):
     ‘-Wstrict-prototypes’
Flavor: r-devel-linux-x86_64-debian-gcc