CRAN Package Check Results for Package nnls

Last updated on 2019-07-16 05:48:23 CEST.

Flavor Version Tinstall Tcheck Ttotal Status Flags
r-devel-linux-x86_64-debian-clang 1.4 2.33 16.74 19.07 OK
r-devel-linux-x86_64-debian-gcc 1.4 2.02 13.71 15.73 OK
r-devel-linux-x86_64-fedora-clang 1.4 23.94 NOTE
r-devel-linux-x86_64-fedora-gcc 1.4 22.56 NOTE
r-devel-windows-ix86+x86_64 1.4 9.00 37.00 46.00 OK
r-patched-linux-x86_64 1.4 2.35 16.84 19.19 OK
r-patched-solaris-x86 1.4 38.50 OK
r-release-linux-x86_64 1.4 2.45 16.78 19.23 OK
r-release-windows-ix86+x86_64 1.4 8.00 46.00 54.00 OK
r-release-osx-x86_64 1.4 OK
r-oldrel-windows-ix86+x86_64 1.4 7.00 31.00 38.00 OK
r-oldrel-osx-x86_64 1.4 OK

Check Details

Version: 1.4
Check: compiled code
Result: NOTE
    File ‘nnls/libs/nnls.so’:
     Found no calls to: ‘R_registerRoutines’, ‘R_useDynamicSymbols’
    
    It is good practice to register native routines and to disable symbol
    search.
    
    See ‘Writing portable packages’ in the ‘Writing R Extensions’ manual.
Flavors: r-devel-linux-x86_64-fedora-clang, r-devel-linux-x86_64-fedora-gcc