Last updated on 2019-12-07 05:47:40 CET.
Flavor | Version | Tinstall | Tcheck | Ttotal | Status | Flags |
---|---|---|---|---|---|---|
r-devel-linux-x86_64-debian-clang | 0.4.0 | 13.98 | 224.73 | 238.71 | OK | |
r-devel-linux-x86_64-debian-gcc | 0.4.0 | 13.75 | 178.75 | 192.50 | OK | |
r-devel-linux-x86_64-fedora-clang | 0.4.0 | 249.03 | NOTE | |||
r-devel-linux-x86_64-fedora-gcc | 0.4.0 | 247.65 | NOTE | |||
r-devel-windows-ix86+x86_64 | 0.4.0 | 37.00 | 328.00 | 365.00 | OK | |
r-devel-windows-ix86+x86_64-gcc8 | 0.4.0 | 49.00 | 331.00 | 380.00 | OK | |
r-patched-linux-x86_64 | 0.4.0 | 12.56 | 192.14 | 204.70 | OK | |
r-patched-solaris-x86 | 0.4.0 | 409.70 | NOTE | |||
r-release-linux-x86_64 | 0.4.0 | 13.18 | 193.92 | 207.10 | OK | |
r-release-windows-ix86+x86_64 | 0.4.0 | 24.00 | 214.00 | 238.00 | OK | |
r-release-osx-x86_64 | 0.4.0 | NOTE | ||||
r-oldrel-windows-ix86+x86_64 | 0.4.0 | 14.00 | 297.00 | 311.00 | OK | |
r-oldrel-osx-x86_64 | 0.4.0 | NOTE |
Version: 0.4.0
Check: dependencies in R code
Result: NOTE
Namespaces in Imports field not imported from:
‘dplyr’ ‘e1071’ ‘pROC’ ‘purrr’ ‘randomForest’ ‘rlang’
All declared Imports should be used.
Flavors: r-devel-linux-x86_64-fedora-clang, r-devel-linux-x86_64-fedora-gcc, r-patched-solaris-x86, r-release-osx-x86_64, r-oldrel-osx-x86_64