CRAN Package Check Results for Package npphen

Last updated on 2020-02-27 05:48:53 CET.

Flavor Version Tinstall Tcheck Ttotal Status Flags
r-devel-linux-x86_64-debian-clang 1.1-0 15.82 119.39 135.21 OK
r-devel-linux-x86_64-debian-gcc 1.1-0 13.62 92.35 105.97 OK
r-devel-linux-x86_64-fedora-clang 1.1-0 160.10 NOTE
r-devel-linux-x86_64-fedora-gcc 1.1-0 161.47 NOTE
r-devel-windows-ix86+x86_64 1.1-0 37.00 110.00 147.00 OK
r-devel-windows-ix86+x86_64-gcc8 1.1-0 38.00 113.00 151.00 OK
r-patched-linux-x86_64 1.1-0 13.22 103.95 117.17 OK
r-patched-solaris-x86 1.1-0 252.50 NOTE
r-release-linux-x86_64 1.1-0 13.21 103.84 117.05 OK
r-release-windows-ix86+x86_64 1.1-0 38.00 110.00 148.00 OK
r-release-osx-x86_64 1.1-0 NOTE
r-oldrel-windows-ix86+x86_64 1.1-0 28.00 99.00 127.00 OK
r-oldrel-osx-x86_64 1.1-0 NOTE

Check Details

Version: 1.1-0
Check: dependencies in R code
Result: NOTE
    Namespace in Imports field not imported from: ‘rts’
     All declared Imports should be used.
Flavors: r-devel-linux-x86_64-fedora-clang, r-devel-linux-x86_64-fedora-gcc, r-patched-solaris-x86, r-release-osx-x86_64, r-oldrel-osx-x86_64