CRAN Package Check Results for Package npphen

Last updated on 2019-09-18 05:47:04 CEST.

Flavor Version Tinstall Tcheck Ttotal Status Flags
r-devel-linux-x86_64-debian-clang 1.1-0 12.59 105.36 117.95 OK
r-devel-linux-x86_64-debian-gcc 1.1-0 12.17 84.74 96.91 OK
r-devel-linux-x86_64-fedora-clang 1.1-0 145.51 NOTE
r-devel-linux-x86_64-fedora-gcc 1.1-0 153.61 NOTE
r-devel-windows-ix86+x86_64 1.1-0 54.00 109.00 163.00 OK
r-patched-linux-x86_64 1.1-0 13.61 104.26 117.87 OK
r-patched-solaris-x86 1.1-0 272.30 NOTE
r-release-linux-x86_64 1.1-0 12.40 105.36 117.76 OK
r-release-windows-ix86+x86_64 1.1-0 41.00 146.00 187.00 OK
r-release-osx-x86_64 1.1-0 NOTE
r-oldrel-windows-ix86+x86_64 1.1-0 37.00 101.00 138.00 OK
r-oldrel-osx-x86_64 1.1-0 NOTE

Check Details

Version: 1.1-0
Check: dependencies in R code
Result: NOTE
    Namespace in Imports field not imported from: ‘rts’
     All declared Imports should be used.
Flavors: r-devel-linux-x86_64-fedora-clang, r-devel-linux-x86_64-fedora-gcc, r-patched-solaris-x86, r-release-osx-x86_64, r-oldrel-osx-x86_64