Last updated on 2023-02-02 06:03:36 CET.
Flavor | Version | Tinstall | Tcheck | Ttotal | Status | Flags |
---|---|---|---|---|---|---|
r-devel-linux-x86_64-debian-clang | 0.3.9 | 12.84 | 155.85 | 168.69 | OK | |
r-devel-linux-x86_64-debian-gcc | 0.3.9 | 9.27 | 114.63 | 123.90 | OK | |
r-devel-linux-x86_64-fedora-clang | 0.3.9 | 202.98 | NOTE | |||
r-devel-linux-x86_64-fedora-gcc | 0.3.9 | 597.35 | NOTE | |||
r-devel-windows-x86_64 | 0.3.9 | 38.00 | 187.00 | 225.00 | OK | |
r-patched-linux-x86_64 | 0.3.9 | 13.46 | 145.15 | 158.61 | OK | |
r-release-linux-x86_64 | 0.3.9 | 11.38 | 466.83 | 478.21 | OK | |
r-release-macos-arm64 | 0.3.9 | 106.00 | NOTE | |||
r-release-macos-x86_64 | 0.3.9 | 275.00 | NOTE | |||
r-release-windows-x86_64 | 0.3.9 | 25.00 | 515.00 | 540.00 | OK | |
r-oldrel-macos-arm64 | 0.3.9 | 166.00 | NOTE | |||
r-oldrel-macos-x86_64 | 0.3.9 | 236.00 | NOTE | |||
r-oldrel-windows-ix86+x86_64 | 0.3.9 | 28.00 | 179.00 | 207.00 | OK |
Version: 0.3.9
Check: dependencies in R code
Result: NOTE
Namespaces in Imports field not imported from:
‘forecast’ ‘rlang’ ‘tsibble’ ‘viridis’
All declared Imports should be used.
Flavors: r-devel-linux-x86_64-fedora-clang, r-devel-linux-x86_64-fedora-gcc, r-release-macos-arm64, r-release-macos-x86_64, r-oldrel-macos-arm64, r-oldrel-macos-x86_64