CRAN Package Check Results for Package nycflights13

Last updated on 2021-07-26 05:55:14 CEST.

Flavor Version Tinstall Tcheck Ttotal Status Flags
r-devel-linux-x86_64-debian-clang 1.0.2 16.94 53.87 70.81 OK
r-devel-linux-x86_64-debian-gcc 1.0.2 18.04 44.51 62.55 OK
r-devel-linux-x86_64-fedora-clang 1.0.2 101.73 OK
r-devel-windows-x86_64 1.0.2 30.00 75.00 105.00 OK
r-devel-windows-x86_64-gcc10-UCRT 1.0.2 OK
r-patched-linux-x86_64 1.0.2 18.67 52.73 71.40 OK
r-patched-solaris-x86 1.0.2 149.80 OK
r-release-linux-x86_64 1.0.2 18.64 52.38 71.02 OK
r-release-macos-arm64 1.0.2 NOTE
r-release-macos-x86_64 1.0.2 OK
r-release-windows-ix86+x86_64 1.0.2 31.00 53.00 84.00 OK
r-oldrel-macos-x86_64 1.0.2 OK
r-oldrel-windows-ix86+x86_64 1.0.2 21.00 74.00 95.00 OK

Check Details

Version: 1.0.2
Check: installed package size
Result: NOTE
     installed size is 5.1Mb
     sub-directories of 1Mb or more:
     data 5.0Mb
Flavor: r-release-macos-arm64