CRAN Package Check Results for Package oceanmap

Last updated on 2022-01-19 05:48:33 CET.

Flavor Version Tinstall Tcheck Ttotal Status Flags
r-devel-linux-x86_64-debian-clang 0.1.1 34.31 334.47 368.78 OK
r-devel-linux-x86_64-debian-gcc 0.1.1 29.64 250.59 280.23 OK
r-devel-linux-x86_64-fedora-clang 0.1.1 449.64 NOTE
r-devel-linux-x86_64-fedora-gcc 0.1.1 432.20 OK
r-devel-windows-x86_64-new-UL 0.1.1 129.00 354.00 483.00 NOTE
r-devel-windows-x86_64-new-TK 0.1.1 OK
r-patched-linux-x86_64 0.1.1 40.46 325.80 366.26 OK
r-release-linux-x86_64 0.1.1 OK
r-release-macos-arm64 0.1.1 NOTE
r-release-macos-x86_64 0.1.1 NOTE
r-release-windows-ix86+x86_64 0.1.1 87.00 386.00 473.00 NOTE
r-oldrel-macos-x86_64 0.1.1 NOTE
r-oldrel-windows-ix86+x86_64 0.1.1 89.00 390.00 479.00 NOTE

Check Details

Version: 0.1.1
Check: installed package size
Result: NOTE
     installed size is 6.2Mb
     sub-directories of 1Mb or more:
     R 1.5Mb
     test_files 4.2Mb
Flavors: r-devel-linux-x86_64-fedora-clang, r-devel-windows-x86_64-new-UL, r-release-macos-arm64, r-release-macos-x86_64, r-release-windows-ix86+x86_64, r-oldrel-macos-x86_64, r-oldrel-windows-ix86+x86_64