CRAN Package Check Results for Package oddstream

Last updated on 2021-12-05 05:52:54 CET.

Flavor Version Tinstall Tcheck Ttotal Status Flags
r-devel-linux-x86_64-debian-clang 0.5.0 16.31 120.92 137.23 OK
r-devel-linux-x86_64-debian-gcc 0.5.0 10.68 92.42 103.10 OK
r-devel-linux-x86_64-fedora-clang 0.5.0 164.38 NOTE
r-devel-linux-x86_64-fedora-gcc 0.5.0 150.27 NOTE
r-devel-windows-x86_64-new-UL 0.5.0 25.00 147.00 172.00 OK
r-devel-windows-x86_64-new-TK 0.5.0 NOTE
r-devel-windows-x86_64-old 0.5.0 23.00 101.00 124.00 OK
r-patched-linux-x86_64 0.5.0 15.32 105.89 121.21 OK
r-release-linux-x86_64 0.5.0 13.50 114.33 127.83 OK
r-release-macos-arm64 0.5.0 NOTE
r-release-macos-x86_64 0.5.0 NOTE
r-release-windows-ix86+x86_64 0.5.0 32.00 134.00 166.00 OK
r-oldrel-macos-x86_64 0.5.0 NOTE
r-oldrel-windows-ix86+x86_64 0.5.0 32.00 133.00 165.00 OK

Check Details

Version: 0.5.0
Check: dependencies in R code
Result: NOTE
    Namespaces in Imports field not imported from:
     ‘RColorBrewer’ ‘graphics’
     All declared Imports should be used.
Flavors: r-devel-linux-x86_64-fedora-clang, r-devel-linux-x86_64-fedora-gcc, r-devel-windows-x86_64-new-TK, r-release-macos-arm64, r-release-macos-x86_64, r-oldrel-macos-x86_64