CRAN Package Check Results for Package omicsTools

Last updated on 2024-06-13 06:58:10 CEST.

Flavor Version Tinstall Tcheck Ttotal Status Flags
r-devel-linux-x86_64-debian-clang 1.0.5 8.10 65.07 73.17 OK
r-devel-linux-x86_64-debian-gcc 1.0.5 0.36 1.72 2.08 ERROR
r-devel-linux-x86_64-fedora-clang 1.0.5 90.54 OK
r-devel-linux-x86_64-fedora-gcc 1.0.5 84.00 OK
r-devel-windows-x86_64 1.0.5 7.00 75.00 82.00 OK
r-patched-linux-x86_64 1.0.5 7.13 63.77 70.90 OK
r-release-linux-x86_64 1.0.5 4.77 61.63 66.40 OK
r-release-macos-arm64 1.0.5 28.00 OK
r-release-macos-x86_64 1.0.5 39.00 OK
r-release-windows-x86_64 1.0.5 9.00 77.00 86.00 OK
r-oldrel-macos-arm64 1.0.5 30.00 OK
r-oldrel-macos-x86_64 1.0.5 51.00 OK
r-oldrel-windows-x86_64 1.0.5 9.00 77.00 86.00 OK

Check Details

Version: 1.0.5
Check: package dependencies
Result: ERROR Packages required but not available: 'dplyr', 'readr', 'tibble' Package suggested but not available for checking: ‘testthat’ See section ‘The DESCRIPTION file’ in the ‘Writing R Extensions’ manual. Flavor: r-devel-linux-x86_64-debian-gcc