CRAN Package Check Results for Package onlinePCA

Last updated on 2020-06-04 05:49:09 CEST.

Flavor Version Tinstall Tcheck Ttotal Status Flags
r-devel-linux-x86_64-debian-clang 1.3.1 48.07 65.40 113.47 OK
r-devel-linux-x86_64-debian-gcc 1.3.1 37.29 50.81 88.10 OK
r-devel-linux-x86_64-fedora-clang 1.3.1 158.69 NOTE
r-devel-linux-x86_64-fedora-gcc 1.3.1 144.27 NOTE
r-devel-windows-ix86+x86_64 1.3.1 135.00 146.00 281.00 OK
r-patched-linux-x86_64 1.3.1 41.90 65.14 107.04 OK
r-patched-solaris-x86 1.3.1 169.10 OK
r-release-linux-x86_64 1.3.1 39.89 65.66 105.55 OK
r-release-osx-x86_64 1.3.1 OK
r-release-windows-ix86+x86_64 1.3.1 106.00 140.00 246.00 OK
r-oldrel-osx-x86_64 1.3.1 OK
r-oldrel-windows-ix86+x86_64 1.3.1 132.00 100.00 232.00 OK

Check Details

Version: 1.3.1
Check: compiled code
Result: NOTE
    File ‘onlinePCA/libs/onlinePCA.so’:
     Found no calls to: ‘R_registerRoutines’, ‘R_useDynamicSymbols’
    
    It is good practice to register native routines and to disable symbol
    search.
    
    See ‘Writing portable packages’ in the ‘Writing R Extensions’ manual.
Flavors: r-devel-linux-x86_64-fedora-clang, r-devel-linux-x86_64-fedora-gcc