CRAN Package Check Results for Package onls

Last updated on 2021-10-26 05:59:57 CEST.

Flavor Version Tinstall Tcheck Ttotal Status Flags
r-devel-linux-x86_64-debian-clang 0.1-1 3.05 73.11 76.16 NOTE
r-devel-linux-x86_64-debian-gcc 0.1-1 2.60 29.87 32.47 NOTE
r-devel-linux-x86_64-fedora-clang 0.1-1 64.69 NOTE
r-devel-linux-x86_64-fedora-gcc 0.1-1 53.52 NOTE
r-devel-windows-x86_64 0.1-1 5.00 50.00 55.00 NOTE
r-devel-windows-x86_64-gcc10-UCRT 0.1-1 NOTE
r-patched-linux-x86_64 0.1-1 4.29 75.23 79.52 NOTE
r-patched-solaris-x86 0.1-1 73.70 NOTE
r-release-linux-x86_64 0.1-1 3.18 39.81 42.99 NOTE
r-release-macos-arm64 0.1-1 NOTE
r-release-macos-x86_64 0.1-1 NOTE
r-release-windows-ix86+x86_64 0.1-1 5.00 110.00 115.00 NOTE
r-oldrel-macos-x86_64 0.1-1 OK
r-oldrel-windows-ix86+x86_64 0.1-1 7.00 69.00 76.00 OK

Check Details

Version: 0.1-1
Check: LazyData
Result: NOTE
     'LazyData' is specified without a 'data' directory
Flavors: r-devel-linux-x86_64-debian-clang, r-devel-linux-x86_64-debian-gcc, r-devel-linux-x86_64-fedora-clang, r-devel-linux-x86_64-fedora-gcc, r-devel-windows-x86_64, r-devel-windows-x86_64-gcc10-UCRT, r-patched-linux-x86_64, r-patched-solaris-x86, r-release-linux-x86_64, r-release-macos-arm64, r-release-macos-x86_64, r-release-windows-ix86+x86_64